NOAA-Style Climate Reports

Select a Year or Month report
2022: Gen Feb Mar Apr Mag Giu Lug Ago Set Ott Nov Dic
2021: Gen Feb Mar Apr Mag Giu Lug Ago Set Ott Nov Dic
2020: Gen Feb Mar Apr Mag Giu Lug Ago Set Ott Nov Dic
2019: Gen Feb Mar Apr Mag Giu Lug Ago Set Ott Nov Dic
2018: Gen Feb Mar Apr Mag Giu Lug Ago Set Ott Nov Dic
2017: Gen Feb Mar Apr Mag Giu Lug Ago Set Ott Nov Dic
2016: Gen Feb Mar Apr Mag Giu Lug Ago Set Ott Nov Dic
2015: Gen Feb Mar Apr Mag Giu Lug Ago Set Ott Nov Dic
2014: Gen Feb Mar Apr Mag Giu Lug Ago Set Ott Nov Dic
2013: Gen Feb Mar Apr Mag Giu Lug Ago Set Ott Nov Dic
2012: Gen Feb Mar Apr Mag Giu Lug Ago Set Ott Nov Dic

Report for 2018 Novembre
                   MONTHLY CLIMATOLOGICAL SUMMARY for NOV. 2018

NAME: MeteoMalnate   CITY: Malnate   STATE: Italy 
ELEV:   387 m  LAT:  45° 47' 24" N  LONG:   8° 54' 13" E

                   TEMPERATURE (°C), RAIN  (mm), WIND SPEED (km/hr)

                                      HEAT  COOL        AVG
    MEAN                              DEG   DEG         WIND                 DOM
DAY TEMP  HIGH   TIME   LOW    TIME   DAYS  DAYS  RAIN  SPEED HIGH   TIME    DIR
------------------------------------------------------------------------------------
 1   9.7  10.6    6:10   8.3    9:10   8.6   0.0  42.7   1.1  14.5    7:40     N
 2  11.5  13.5   12:20  10.3    6:20   6.8   0.0   8.1   1.3  14.5   10:25     N
 3  12.1  14.9   14:50  11.0    5:40   6.2   0.0  21.8   1.1  11.3    4:00     N
 4  14.1  16.8   13:40  11.4    0:50   4.2   0.0   0.5   0.8   8.0    1:25     N
 5  13.3  14.7    0:05  12.7    5:50   5.0   0.0  22.4   0.6  12.9    4:25     N
 6  14.0  16.0   14:50  12.7    0:35   4.3   0.0  16.3   1.4  20.9   14:30    NW
 7  13.1  15.6   13:40  11.0    7:05   5.2   0.0  20.1   0.3  12.9    0:10   NNE
 8  12.7  14.6   14:35  11.3    1:20   5.6   0.0   3.3   0.2   6.4   14:55   SSE
 9  12.8  13.9   13:50  11.8   22:00   5.5   0.0   1.3   0.0   4.8    7:45     N
10  11.8  12.3   10:40  10.8   00:00   6.5   0.0   6.1   0.2  12.9   19:50     N
11  11.9  12.6   14:45  10.8    1:40   6.4   0.0   2.8   0.6  12.9    2:20    NW
12  13.0  14.6   13:40  11.8    6:20   5.3   0.0   0.8   0.2   6.4    2:15    NW
13  12.5  16.9   14:15   8.7   23:55   5.8   0.0   0.3   0.2   6.4   12:40     N
14  11.6  16.9   14:25   6.6    7:10   6.7   0.0   0.0   0.5   8.0   11:35     N
15  11.3  14.1   14:00   6.7    7:45   7.0   0.0   0.0   0.3   9.7   14:20   SSE
16   9.6  11.4    1:30   7.1   22:25   8.8   0.0   0.0   0.2  12.9    6:40     N
17   6.6  10.6   14:10   1.4   23:45  11.7   0.0   0.0   0.5  14.5   13:25    SW
18   4.4   9.2   14:05  -0.3   23:55  13.9   0.0   0.0   0.5  11.3   12:55     S
19   2.3   3.6   10:10  -0.5    0:55  16.0   0.0   4.8   0.8   9.7   15:50    NW
20   4.1   6.1   15:30   1.0   00:00  14.3   0.0   0.5   0.0   9.7    3:55    SW
21   4.2   7.6   14:20  -0.2    5:50  14.1   0.0   3.6   0.0   4.8    6:50    NW
22   7.8   9.8   15:00   6.1    7:25  10.5   0.0   0.0   0.0   4.8   11:25   SSW
23   7.2   8.7   12:20   5.6    2:50  11.1   0.0  14.5   0.5   9.7   20:45   NNW
24   7.3   8.9   15:25   6.1    2:40  10.9   0.0  17.5   0.8  14.5    3:15     N
25   8.1  10.5   12:55   6.9    7:50  10.3   0.0   0.3   0.2   6.4    9:20    NW
26   7.7  11.3   13:15   5.3    7:25  10.7   0.0   0.0   0.3   8.0   12:25   NNW
27  10.5  14.2   12:25   4.1    4:10   7.8   0.0   0.0   7.4  32.2   13:05   NNW
28   6.3  12.8   12:50   1.2    8:15  12.0   0.0   0.0   0.8  19.3    0:05   NNW
29   3.4   8.1   13:40   0.5    7:35  14.9   0.0   0.0   0.2   8.0   13:40     N
30   3.8   5.1   15:10   0.6    0:35  14.5   0.0   0.0   0.2   6.4   11:05     S
-------------------------------------------------------------------------------------
     9.3  16.9    14    -0.5    19   270.4   0.0 187.5   0.7  32.2    27       N

Max >=  32.0:  0
Max <=   0.0:  0
Min <=   0.0:  3
Min <= -18.0:  0
Max Rain: 42.67 ON 01/11/18
Days of Rain: 19 (> .2 mm) 13 (> 2 mm) 4 (> 20 mm)
Heat Base:  18.3  Cool Base:  18.3  Method: Integration