NOAA-Style Climate Reports

Select a Year or Month report
2022: Gen Feb Mar Apr Mag Giu Lug Ago Set Ott Nov Dic
2021: Gen Feb Mar Apr Mag Giu Lug Ago Set Ott Nov Dic
2020: Gen Feb Mar Apr Mag Giu Lug Ago Set Ott Nov Dic
2019: Gen Feb Mar Apr Mag Giu Lug Ago Set Ott Nov Dic
2018: Gen Feb Mar Apr Mag Giu Lug Ago Set Ott Nov Dic
2017: Gen Feb Mar Apr Mag Giu Lug Ago Set Ott Nov Dic
2016: Gen Feb Mar Apr Mag Giu Lug Ago Set Ott Nov Dic
2015: Gen Feb Mar Apr Mag Giu Lug Ago Set Ott Nov Dic
2014: Gen Feb Mar Apr Mag Giu Lug Ago Set Ott Nov Dic
2013: Gen Feb Mar Apr Mag Giu Lug Ago Set Ott Nov Dic
2012: Gen Feb Mar Apr Mag Giu Lug Ago Set Ott Nov Dic

Report for 2018 Dicembre
                   MONTHLY CLIMATOLOGICAL SUMMARY for DEC. 2018

NAME: MeteoMalnate   CITY: Malnate   STATE: Italy 
ELEV:   387 m  LAT:  45° 47' 24" N  LONG:   8° 54' 13" E

                   TEMPERATURE (°C), RAIN  (mm), WIND SPEED (km/hr)

                                      HEAT  COOL        AVG
    MEAN                              DEG   DEG         WIND                 DOM
DAY TEMP  HIGH   TIME   LOW    TIME   DAYS  DAYS  RAIN  SPEED HIGH   TIME    DIR
------------------------------------------------------------------------------------
 1   3.9   8.4   14:05   0.6   22:45  14.3   0.0   0.0   0.3   9.7   13:50     S
 2   3.3   8.0   15:05  -0.3    3:50  15.0   0.0   0.0   0.0   8.0   12:50    SW
 3   5.0  10.9   13:40   1.2    8:25  13.3   0.0   1.0   0.3   9.7   14:00   NNE
 4   8.3  18.6   13:45   2.3    2:15  10.0   0.0   0.3   0.6  17.7   12:25   NNW
 5   6.9  14.0   12:55   2.8    4:40  11.4   0.0   0.0   0.3   9.7   12:55   NNE
 6   7.4  11.4   14:25   2.9   23:40  10.9   0.0   0.0   0.2  11.3   14:15   SSE
 7   6.5  11.8   14:10   2.5    2:20  11.8   0.0   0.0   0.2   9.7   12:05     S
 8   8.8  14.9   13:50   3.4   23:40   9.5   0.0   0.5   2.6  25.7    9:35   NNW
 9   7.2  14.1   14:00   0.4    6:20  11.1   0.0   0.0   2.6  25.7   19:50     N
10   8.6  11.8   12:30   6.3   23:40   9.7   0.0   0.0   7.6  30.6   20:25   NNW
11   5.9  11.1   13:05  -0.6   00:00  12.3   0.0   0.0   4.0  24.1   13:15    NW
12   1.6   8.8   14:10  -2.6    7:45  16.7   0.0   0.0   0.8  12.9    4:40   NNW
13   1.7   5.2   13:20  -1.1    5:20  16.6   0.0   0.0   0.3   8.0    0:40   NNE
14   0.1   5.9   14:00  -3.6   23:45  18.2   0.0   0.0   0.3   9.7   15:40   SSE
15  -1.2   5.6   14:40  -4.7    7:05  19.4   0.0   0.0   0.3   8.0   12:10   SSE
16   0.8   2.4   12:30  -1.8    6:05  17.5   0.0   0.0   0.0   4.8   13:10    SE
17   1.6   7.6   14:00  -2.1   00:00  16.7   0.0   0.0   0.3   9.7   12:00     S
18   0.7   8.3   13:20  -3.2    7:30  17.6   0.0   0.0   0.3   9.7   14:10   NNW
19   1.4   3.6   12:30  -1.7    0:10  16.9   0.0   0.3   0.0   4.8    5:15   NNE
20   1.5   3.9   13:05  -0.4   20:00  16.8   0.0   7.1   0.0   8.0   15:15    NW
21   1.4   6.3   14:00  -2.2    8:20  16.9   0.0   1.8   0.2   9.7   14:25     N
22   2.8   9.4   13:40  -0.5    8:30  15.4   0.0   0.0   0.5   9.7    9:00   NNW
23   2.1   9.3   14:00  -0.9    6:45  16.2   0.0   0.0   0.3   8.0   12:40   NNE
24   7.8  15.3   11:05   0.5    0:05  10.5   0.0   0.0   6.4  51.5   14:00    NW
25   3.8  12.6   14:20  -1.3    8:40  14.5   0.0   0.0   0.3   8.0    9:55   ESE
26   1.8   9.5   14:00  -2.3    7:30  16.5   0.0   0.0   0.3   8.0   11:05   SSW
27   1.9  10.4   14:05  -2.7    7:30  16.3   0.0   0.0   0.3   6.4    4:45    SW
28   2.7   9.9   13:45  -1.3    2:30  15.6   0.0   0.0   0.0   6.4   19:05     S
29   3.6  13.1   14:35  -0.9    5:55  14.7   0.0   0.0   0.2   6.4   14:20    SW
30   8.7  15.9   12:40  -0.9    3:45   9.6   0.0   0.0   6.9  49.9   11:55   NNW
31   4.9  13.2   14:30   0.4   23:10  13.3   0.0   0.0   0.3   9.7   12:10    NW
-------------------------------------------------------------------------------------
     3.9  18.6     4    -4.7    15   445.4   0.0  10.9   1.2  51.5    24     NNW

Max >=  32.0:  0
Max <=   0.0:  0
Min <=   0.0: 20
Min <= -18.0:  0
Max Rain: 7.11 ON 20/12/18
Days of Rain: 6 (> .2 mm) 1 (> 2 mm) 0 (> 20 mm)
Heat Base:  18.3  Cool Base:  18.3  Method: Integration