NOAA-Style Climate Reports

Select a Year or Month report
2022: Gen Feb Mar Apr Mag Giu Lug Ago Set Ott Nov Dic
2021: Gen Feb Mar Apr Mag Giu Lug Ago Set Ott Nov Dic
2020: Gen Feb Mar Apr Mag Giu Lug Ago Set Ott Nov Dic
2019: Gen Feb Mar Apr Mag Giu Lug Ago Set Ott Nov Dic
2018: Gen Feb Mar Apr Mag Giu Lug Ago Set Ott Nov Dic
2017: Gen Feb Mar Apr Mag Giu Lug Ago Set Ott Nov Dic
2016: Gen Feb Mar Apr Mag Giu Lug Ago Set Ott Nov Dic
2015: Gen Feb Mar Apr Mag Giu Lug Ago Set Ott Nov Dic
2014: Gen Feb Mar Apr Mag Giu Lug Ago Set Ott Nov Dic
2013: Gen Feb Mar Apr Mag Giu Lug Ago Set Ott Nov Dic
2012: Gen Feb Mar Apr Mag Giu Lug Ago Set Ott Nov Dic

Report for 2019 Febbraio
                   MONTHLY CLIMATOLOGICAL SUMMARY for FEB. 2019

NAME: MeteoMalnate   CITY: Malnate   STATE: Italy 
ELEV:   387 m  LAT:  45° 47' 24" N  LONG:   8° 54' 13" E

                   TEMPERATURE (°C), RAIN  (mm), WIND SPEED (km/hr)

                                      HEAT  COOL        AVG
    MEAN                              DEG   DEG         WIND                 DOM
DAY TEMP  HIGH   TIME   LOW    TIME   DAYS  DAYS  RAIN  SPEED HIGH   TIME    DIR
------------------------------------------------------------------------------------
 1   1.2   1.6   14:45   0.7    7:55  17.1   0.0   8.6   0.0   3.2   12:40     W
 2   2.7   5.7   12:35   1.0    2:45  15.6   0.0  38.9   0.5  11.3   11:10    NW
 3   5.9  10.5   13:35   1.8    6:25  12.3   0.0   1.8   6.1  38.6   20:25   NNW
 4   4.8  10.6   14:35  -1.3   23:50  13.4   0.0   0.0   2.4  40.2    0:35   NNW
 5   2.6   9.9   15:10  -2.5    8:30  15.7   0.0   0.0   0.8  12.9   13:50     N
 6   3.4  12.1   14:20  -2.0    1:40  14.9   0.0   0.0   1.0  11.3   14:05   NNW
 7   2.7   7.6   14:35  -1.1    8:00  15.6   0.0   0.0   0.5   9.7    3:20     N
 8   3.6  12.2   15:15  -2.6    7:20  14.8   0.0   0.0   0.3   9.7   12:25     N
 9   4.3  11.5   13:30  -0.9    5:35  14.0   0.0   0.0   0.8  12.9   13:55   SSE
10   4.5   5.6    1:55   3.0   23:15  13.8   0.0   3.0   0.3   8.0   19:40   NNE
11   6.7  10.6   14:55   1.1    2:10  11.6   0.0   0.3   6.0  35.4   15:00   NNW
12   8.9  16.3   15:35   1.8    8:10   9.4   0.0   0.0   3.1  22.5   15:45   NNW
13   4.4  11.3   14:30  -0.9    7:25  13.8   0.0   0.0   0.5  16.1   14:05    NW
14   5.1  14.7   15:30  -1.3    7:50  13.2   0.0   0.0   0.5  12.9   14:10   SSE
15   6.3  16.1   14:40  -0.6    7:30  12.0   0.0   0.0   0.6  12.9   13:40    SE
16   5.9  15.6   15:15  -0.3    7:15  12.4   0.0   0.0   0.5  11.3   12:50   SSE
17   6.5  17.0   15:10  -0.6    7:55  11.8   0.0   0.0   0.6  14.5   15:25   SSE
18   6.5  15.3   14:00   0.1    7:50  11.8   0.0   0.0   1.0  14.5   14:45     N
19   5.4  13.0   15:30  -0.3    7:20  12.9   0.0   0.0   0.8  16.1   12:50   SSE
20   5.7  12.9   15:05   0.5    6:40  12.6   0.0   0.0   0.6  14.5   13:45   SSE
21   6.5  15.1   14:45   0.4    7:35  11.8   0.0   0.0   0.6  14.5   14:35   SSE
22  12.1  21.7   13:35   2.8    1:15   6.6   0.3   0.0   1.8  19.3    3:55   NNW
23   4.8   7.1    0:10  -0.9   23:45  13.5   0.0   0.0   1.0  14.5    6:35    NW
24   3.0   9.4   15:50  -3.2    7:05  14.7   0.0   0.0   0.5   9.7   10:35    SE
25   6.3  15.3   15:45  -1.9    7:05  12.0   0.0   0.0   0.8  14.5   21:05    NE
26   9.2  18.4   15:55   0.7    6:55   9.2   0.0   0.0   0.6   9.7   12:10     N
27  10.8  21.4   14:55   2.4    7:20   8.1   0.6   0.0   0.6  16.1   12:05   NNE
28   9.8  18.4   15:40   2.7    7:30   8.5   0.0   0.0   1.1  16.1   13:10    SW
-------------------------------------------------------------------------------------
     5.7  21.7    22    -3.2    24   353.0   0.9  52.6   1.2  40.2     4     NNW

Max >=  32.0:  0
Max <=   0.0:  0
Min <=   0.0: 15
Min <= -18.0:  0
Max Rain: 38.86 ON 02/02/19
Days of Rain: 5 (> .2 mm) 3 (> 2 mm) 1 (> 20 mm)
Heat Base:  18.3  Cool Base:  18.3  Method: Integration