NOAA-Style Climate Reports

Select a Year or Month report
2022: Gen Feb Mar Apr Mag Giu Lug Ago Set Ott Nov Dic
2021: Gen Feb Mar Apr Mag Giu Lug Ago Set Ott Nov Dic
2020: Gen Feb Mar Apr Mag Giu Lug Ago Set Ott Nov Dic
2019: Gen Feb Mar Apr Mag Giu Lug Ago Set Ott Nov Dic
2018: Gen Feb Mar Apr Mag Giu Lug Ago Set Ott Nov Dic
2017: Gen Feb Mar Apr Mag Giu Lug Ago Set Ott Nov Dic
2016: Gen Feb Mar Apr Mag Giu Lug Ago Set Ott Nov Dic
2015: Gen Feb Mar Apr Mag Giu Lug Ago Set Ott Nov Dic
2014: Gen Feb Mar Apr Mag Giu Lug Ago Set Ott Nov Dic
2013: Gen Feb Mar Apr Mag Giu Lug Ago Set Ott Nov Dic
2012: Gen Feb Mar Apr Mag Giu Lug Ago Set Ott Nov Dic

Report for 2019 Marzo
                   MONTHLY CLIMATOLOGICAL SUMMARY for MAR. 2019

NAME: MeteoMalnate   CITY: Malnate   STATE: Italy 
ELEV:   387 m  LAT:  45° 47' 24" N  LONG:   8° 54' 13" E

                   TEMPERATURE (°C), RAIN  (mm), WIND SPEED (km/hr)

                                      HEAT  COOL        AVG
    MEAN                              DEG   DEG         WIND                 DOM
DAY TEMP  HIGH   TIME   LOW    TIME   DAYS  DAYS  RAIN  SPEED HIGH   TIME    DIR
------------------------------------------------------------------------------------
 1  11.0  18.7   15:45   3.4    2:40   7.3   0.0   0.0   2.3  17.7    4:25    NW
 2  11.1  17.5   13:45   4.3   00:00   7.3   0.0   0.0   2.1  20.9    9:05   NNW
 3   8.9  17.4   13:50   1.3    7:15   9.4   0.0   0.5   0.8  14.5   12:50   WNW
 4   6.2   9.4   16:35   2.8   00:00  12.2   0.0   3.6   0.6   9.7   10:40   NNW
 5   7.6  16.6   15:05   0.5    6:40  10.7   0.0   0.0   1.3  16.1   12:30   NNW
 6   7.1  11.4   15:50   0.8    6:40  11.2   0.0   0.3   0.6  12.9    9:40   NNE
 7   7.7   9.2   15:25   6.2   12:10  10.6   0.0  34.5   1.1  14.5   13:10   NNW
 8   9.7  16.3   15:00   5.2    5:40   8.6   0.0   0.3   1.0  14.5   15:35   NNW
 9   9.6  16.8   15:20   3.6    6:20   8.7   0.0   0.0   1.1  14.5   15:10     N
10   9.4  16.8   16:35   3.4    6:05   8.9   0.0   0.0   1.0  12.9   17:05    NE
11   9.9  14.4   11:20   4.0   23:50   8.4   0.0   0.0   7.9  49.9   16:15   NNW
12   6.7  13.1   15:15   0.9    6:00  11.6   0.0   0.0   2.4  20.9    3:10   NNW
13   7.4  15.2   15:30   0.2    2:45  10.9   0.0   0.0   3.2  32.2   14:55   NNW
14   8.9  15.0   16:20   1.7    3:15   9.4   0.0   0.0   2.3  17.7    6:00   NNW
15  12.4  19.7   15:20   5.9    3:05   6.0   0.1   0.0   3.1  22.5   12:40   NNW
16  15.1  22.4   16:00   8.0    0:05   4.1   0.9   0.0   2.4  24.1    7:50    NW
17   9.9  12.6   15:50   6.9    2:40   8.4   0.0   6.6   0.6  12.9   15:50   SSE
18   9.7  13.7   13:05   3.7   00:00   8.6   0.0   4.6   7.6  33.8   12:30   NNW
19   6.4  13.6   14:00   0.2    7:00  11.9   0.0   0.0   1.1  19.3   13:05   NNE
20   6.2  13.9   16:10  -0.6    6:40  12.2   0.0   0.0   1.3  19.3   12:40    SE
21   7.1  16.2   16:30  -0.7    6:55  11.2   0.0   0.0   1.0  14.5   12:50     N
22   9.8  19.6   15:50   0.6    6:25   8.6   0.1   0.0   1.3  14.5   10:45   SSE
23  11.9  21.7   16:00   2.8    5:05   7.0   0.7   0.0   1.3  14.5   13:45   SSE
24  13.4  23.1   15:35   4.4    6:55   6.0   1.2   0.0   1.3  14.5   12:20     N
25  12.7  21.4   13:00   5.3    5:20   6.2   0.6   0.0   9.3  67.6   21:10   NNW
26   9.7  16.4   15:20   3.9    6:45   8.6   0.0   0.0   5.0  49.9    1:30   NNW
27   7.6  14.6   15:25   0.8    3:25  10.8   0.0   0.0   1.4  20.9   15:55     N
28   7.5  14.8   16:15   0.6    6:10  10.8   0.0   0.0   1.1  14.5   13:30   SSE
29   9.5  17.3   15:25   1.7    5:00   8.8   0.0   0.0   1.6  16.1    9:40   SSE
30  10.9  19.8   15:15   2.3    6:30   7.7   0.2   0.0   1.3  17.7   16:00   NNE
31  12.2  21.4   16:20   3.0    7:25   6.5   0.6   0.0   1.4  17.7   14:05     S
-------------------------------------------------------------------------------------
     9.4  23.1    24    -0.7    21   278.5   4.4  50.3   2.3  67.6    25     NNW

Max >=  32.0:  0
Max <=   0.0:  0
Min <=   0.0:  2
Min <= -18.0:  0
Max Rain: 34.54 ON 07/03/19
Days of Rain: 7 (> .2 mm) 4 (> 2 mm) 1 (> 20 mm)
Heat Base:  18.3  Cool Base:  18.3  Method: Integration