NOAA-Style Climate Reports

Select a Year or Month report
2022: Gen Feb Mar Apr Mag Giu Lug Ago Set Ott Nov Dic
2021: Gen Feb Mar Apr Mag Giu Lug Ago Set Ott Nov Dic
2020: Gen Feb Mar Apr Mag Giu Lug Ago Set Ott Nov Dic
2019: Gen Feb Mar Apr Mag Giu Lug Ago Set Ott Nov Dic
2018: Gen Feb Mar Apr Mag Giu Lug Ago Set Ott Nov Dic
2017: Gen Feb Mar Apr Mag Giu Lug Ago Set Ott Nov Dic
2016: Gen Feb Mar Apr Mag Giu Lug Ago Set Ott Nov Dic
2015: Gen Feb Mar Apr Mag Giu Lug Ago Set Ott Nov Dic
2014: Gen Feb Mar Apr Mag Giu Lug Ago Set Ott Nov Dic
2013: Gen Feb Mar Apr Mag Giu Lug Ago Set Ott Nov Dic
2012: Gen Feb Mar Apr Mag Giu Lug Ago Set Ott Nov Dic

Report for 2019 Giugno
                   MONTHLY CLIMATOLOGICAL SUMMARY for JUN. 2019

NAME: MeteoMalnate   CITY: Malnate   STATE: Italy 
ELEV:   387 m  LAT:  45° 47' 24" N  LONG:   8° 54' 13" E

                   TEMPERATURE (°C), RAIN  (mm), WIND SPEED (km/hr)

                                      HEAT  COOL        AVG
    MEAN                              DEG   DEG         WIND                 DOM
DAY TEMP  HIGH   TIME   LOW    TIME   DAYS  DAYS  RAIN  SPEED HIGH   TIME    DIR
------------------------------------------------------------------------------------
 1  19.6  26.6   18:15  12.1    4:20   1.8   3.1   0.0   1.3  16.1   13:30   NNE
 2  21.6  28.5   17:20  13.8    2:35   1.1   4.4   0.0   1.6  19.3   16:50   NNW
 3  22.8  29.8   17:40  14.7    5:05   0.7   5.1   0.0   1.3  16.1   14:00   SSE
 4  23.3  29.6   17:15  16.9    5:50   0.1   5.1   0.0   1.1  17.7   14:25   NNW
 5  22.6  28.1   16:20  15.9    5:55   0.3   4.6   0.3   1.1  17.7   18:25   WNW
 6  18.4  24.2   14:20  13.4    4:45   1.1   1.1   1.3   1.1  16.1   13:05     N
 7  19.3  25.1   16:55  13.7    5:55   1.1   2.1   0.0   0.8  16.1   16:55   SSE
 8  21.4  27.5   16:50  16.4   00:00   0.2   3.3   0.0   0.8  14.5   14:05    NW
 9  19.5  24.2   14:00  16.2    0:25   0.4   1.6   1.0   2.3  19.3    9:50   NNW
10  19.9  26.0   12:15  17.2    5:10   0.2   1.8   3.3   1.8  16.1    0:25   NNW
11  20.6  24.1   15:30  16.6    5:25   0.2   2.4   0.0   1.0  19.3    1:45   NNE
12  20.9  26.6   16:05  13.5   00:00   0.4   3.0   2.5   1.9  19.3   16:20    NW
13  18.9  26.6   19:00  10.7    5:00   2.2   2.9   0.0   1.1  14.5   14:30   NNW
14  21.8  29.1   15:00  14.7    3:20   0.7   4.2   3.6   1.8  20.9   20:50   NNW
15  22.1  27.6   16:45  16.7    6:20   0.3   4.1   0.0   1.4  22.5   23:35   NNW
16  23.2  30.3   17:40  14.1    6:30   0.6   5.5   0.0   2.7  22.5   10:50   NNW
17  24.1  30.0   17:30  17.1    2:30   0.0   5.8   0.0   1.3  17.7   12:20   NNE
18  23.4  29.9   17:00  17.4    6:20   0.1   5.2  32.0   1.1  14.5    6:35   NNW
19  23.3  29.7   15:35  17.7    6:35   0.0   5.0   0.0   0.8  11.3    2:25     N
20  21.3  26.9   14:00  15.8    5:10   0.5   3.5   0.0   1.0  17.7   17:40    NW
21  21.7  27.8   15:40  15.8    2:45   0.5   3.9   0.0   0.5  14.5   14:35    NW
22  19.7  24.3   17:25  16.2   11:20   0.5   1.8  12.4   2.3  20.9    6:45   NNW
23  21.7  29.3   18:50  14.7    6:00   0.8   4.3   0.0   1.0  14.5   16:10     N
24  24.2  31.2   17:25  16.4    4:35   0.2   6.1   0.0   1.0  14.5   16:15   NNE
25  25.9  32.6   18:00  19.3    6:00   0.0   7.7   0.0   0.8  12.9   12:45   NNW
26  28.1  34.2   17:15  22.8    1:50   0.0   9.8   0.0   0.8  17.7   16:20   WNW
27  29.4  36.6   17:10  23.2    3:00   0.0  11.1   0.0   1.1  11.3   00:00     N
28  29.4  35.1   16:50  21.9    6:00   0.0  11.2   0.0   1.8  14.5    1:40     N
29  27.4  32.4   17:45  22.3   23:55   0.0   9.2   0.0   1.0  14.5    0:10   NNW
30  26.6  33.0   17:25  19.6    5:55   0.0   8.3   0.0   1.1  14.5   13:40   WNW
-------------------------------------------------------------------------------------
    22.7  36.6    27    10.7    13    13.8 147.1  56.4   1.3  22.5    15     NNW

Max >=  32.0:  6
Max <=   0.0:  0
Min <=   0.0:  0
Min <= -18.0:  0
Max Rain: 32.00 ON 18/06/19
Days of Rain: 8 (> .2 mm) 5 (> 2 mm) 1 (> 20 mm)
Heat Base:  18.3  Cool Base:  18.3  Method: Integration