NOAA-Style Climate Reports

Select a Year or Month report
2022: Gen Feb Mar Apr Mag Giu Lug Ago Set Ott Nov Dic
2021: Gen Feb Mar Apr Mag Giu Lug Ago Set Ott Nov Dic
2020: Gen Feb Mar Apr Mag Giu Lug Ago Set Ott Nov Dic
2019: Gen Feb Mar Apr Mag Giu Lug Ago Set Ott Nov Dic
2018: Gen Feb Mar Apr Mag Giu Lug Ago Set Ott Nov Dic
2017: Gen Feb Mar Apr Mag Giu Lug Ago Set Ott Nov Dic
2016: Gen Feb Mar Apr Mag Giu Lug Ago Set Ott Nov Dic
2015: Gen Feb Mar Apr Mag Giu Lug Ago Set Ott Nov Dic
2014: Gen Feb Mar Apr Mag Giu Lug Ago Set Ott Nov Dic
2013: Gen Feb Mar Apr Mag Giu Lug Ago Set Ott Nov Dic
2012: Gen Feb Mar Apr Mag Giu Lug Ago Set Ott Nov Dic

Report for 2019 Luglio
                   MONTHLY CLIMATOLOGICAL SUMMARY for JUL. 2019

NAME: MeteoMalnate   CITY: Malnate   STATE: Italy 
ELEV:   387 m  LAT:  45° 47' 24" N  LONG:   8° 54' 13" E

                   TEMPERATURE (°C), RAIN  (mm), WIND SPEED (km/hr)

                                      HEAT  COOL        AVG
    MEAN                              DEG   DEG         WIND                 DOM
DAY TEMP  HIGH   TIME   LOW    TIME   DAYS  DAYS  RAIN  SPEED HIGH   TIME    DIR
------------------------------------------------------------------------------------
 1  24.3  32.2   13:25  19.7   23:10   0.0   6.0   2.3   1.6  27.4   14:40   NNW
 2  25.8  32.9   17:05  19.8    0:25   0.0   7.5   0.0   1.9  24.1    1:35     N
 3  25.6  30.9   14:15  21.0   21:55   0.0   7.2   0.0   1.1  16.1   21:35   NNW
 4  24.0  30.2   16:15  16.9    5:40   0.1   5.8   0.0   0.6  14.5   13:00   NNE
 5  25.4  32.2   16:35  18.8    6:15   0.0   7.1   0.0   1.4  17.7   15:15    SW
 6  24.4  32.1   16:05  17.9    5:30   0.0   6.2   2.0   1.3  17.7   19:45   NNW
 7  24.9  32.3   15:35  18.6    5:25   0.0   6.6   0.0   1.1  22.5   17:20    NW
 8  25.0  31.6   17:15  17.5    3:45   0.0   6.7   2.0   1.3  19.3   15:50   NNW
 9  22.9  28.9   15:25  17.8    3:00   0.0   4.6   0.3   1.3  19.3    5:40     N
10  22.7  27.9   15:05  17.4    6:30   0.1   4.4   0.0   1.1  19.3   14:10     N
11  20.9  25.2   15:35  17.6    3:35   0.1   2.7   0.0   0.2   9.7   13:50    NW
12  22.6  29.8   17:40  16.1    6:45   0.4   4.7   0.0   1.3  17.7   15:55    NW
13  23.6  30.0   15:40  16.1    6:30   0.2   5.5   0.0   1.4  20.9   12:40   NNW
14  22.3  28.5   15:50  14.2    5:10   0.5   4.5   0.0   1.3  14.5   14:15    NW
15  17.7  23.7   17:05  13.9    7:40   1.7   1.1  25.7   3.1  27.4    1:00   NNW
16  20.9  27.7   18:25  14.1    4:05   1.1   3.7   0.0   1.3  14.5   14:30   NNE
17  22.3  29.2   16:45  15.3    5:50   0.6   4.6   0.0   1.1  16.1   18:10   NNE
18  22.0  28.0   16:10  18.3    1:05   0.0   3.7   0.0   1.1  14.5   14:05   NNW
19  23.2  29.1   17:50  17.6    3:00   0.0   5.0   0.0   1.0  12.9   13:35   NNW
20  23.7  29.7   17:25  18.4    6:10   0.0   5.3   0.0   0.5  12.9   14:30     N
21  25.6  32.2   17:30  19.6    5:45   0.0   7.2   0.0   1.1  16.1   16:10    NW
22  26.1  32.0   17:00  20.3    4:15   0.0   7.8   0.0   0.8  12.9   15:20    SW
23  27.0  33.4   16:15  20.9    6:15   0.0   8.7   0.0   0.8  14.5   14:15   NNW
24  27.6  33.9   15:15  21.7    6:20   0.0   9.3   0.0   0.6  14.5   16:35    SW
25  28.6  35.1   16:25  22.7    6:10   0.0  10.3   0.0   1.0  16.1   15:10    NW
26  28.2  34.5   17:15  22.7    6:55   0.0   9.9   0.0   1.4  16.1   14:45   NNW
27  22.5  28.1   14:40  18.9   22:55   0.0   4.2   1.5   1.4  20.9   15:55   NNW
28  21.8  25.8   15:20  17.6    6:30   0.1   3.6   0.0   1.4  14.5    9:40   NNW
29  26.7  32.8   16:25  19.4    7:30   0.0   8.4   0.0   2.6  19.3    3:45   NNW
30  25.1  32.4   16:10  17.9    6:20   0.0   6.8   0.0   1.3  22.5   13:35    SW
31  23.8  30.2   16:50  19.0    3:00   0.0   5.5   0.0   0.8  17.7   14:35   NNW
-------------------------------------------------------------------------------------
    24.1  35.1    25    13.9    15     5.0 184.7  33.8   1.2  27.4     1     NNW

Max >=  32.0: 13
Max <=   0.0:  0
Min <=   0.0:  0
Min <= -18.0:  0
Max Rain: 25.65 ON 15/07/19
Days of Rain: 6 (> .2 mm) 4 (> 2 mm) 1 (> 20 mm)
Heat Base:  18.3  Cool Base:  18.3  Method: Integration