NOAA-Style Climate Reports

Select a Year or Month report
2022: Gen Feb Mar Apr Mag Giu Lug Ago Set Ott Nov Dic
2021: Gen Feb Mar Apr Mag Giu Lug Ago Set Ott Nov Dic
2020: Gen Feb Mar Apr Mag Giu Lug Ago Set Ott Nov Dic
2019: Gen Feb Mar Apr Mag Giu Lug Ago Set Ott Nov Dic
2018: Gen Feb Mar Apr Mag Giu Lug Ago Set Ott Nov Dic
2017: Gen Feb Mar Apr Mag Giu Lug Ago Set Ott Nov Dic
2016: Gen Feb Mar Apr Mag Giu Lug Ago Set Ott Nov Dic
2015: Gen Feb Mar Apr Mag Giu Lug Ago Set Ott Nov Dic
2014: Gen Feb Mar Apr Mag Giu Lug Ago Set Ott Nov Dic
2013: Gen Feb Mar Apr Mag Giu Lug Ago Set Ott Nov Dic
2012: Gen Feb Mar Apr Mag Giu Lug Ago Set Ott Nov Dic

Report for 2019 Settembre
                   MONTHLY CLIMATOLOGICAL SUMMARY for SEP. 2019

NAME: MeteoMalnate   CITY: Malnate   STATE: Italy 
ELEV:   387 m  LAT:  45° 47' 24" N  LONG:   8° 54' 13" E

                   TEMPERATURE (°C), RAIN  (mm), WIND SPEED (km/hr)

                                      HEAT  COOL        AVG
    MEAN                              DEG   DEG         WIND                 DOM
DAY TEMP  HIGH   TIME   LOW    TIME   DAYS  DAYS  RAIN  SPEED HIGH   TIME    DIR
------------------------------------------------------------------------------------
 1  23.6  29.6   17:40  19.3    6:20   0.0   5.3   0.0   0.6  11.3   15:45    NW
 2  22.2  27.9   16:00  17.9    7:20   0.0   3.9   7.4   0.6  12.9   14:10     N
 3  20.1  26.7   17:30  13.1    6:15   1.1   2.8   0.0   0.8  12.9   14:55   NNE
 4  20.4  25.9   17:05  16.4   22:50   0.3   2.4   0.0   0.3  12.9   13:20   NNW
 5  18.2  24.6   15:40  12.2   00:00   1.8   1.7  31.2   3.5  33.8   23:35   NNW
 6  15.1  18.8   15:05  11.8    0:35   3.3   0.0   6.1   4.3  38.6    1:10   NNW
 7  16.4  23.1   17:15  10.2    7:10   2.9   1.0   0.0   0.5   9.7   15:05   NNW
 8  15.3  21.2   15:15  11.4    8:35   3.2   0.2  17.0   1.6  24.1    7:10   NNW
 9  15.5  23.0   15:25   8.4    6:35   4.0   1.2   0.0   1.1  17.7   10:55   NNW
10  16.2  20.3   16:50  11.2    7:00   2.6   0.4   0.0   0.6   9.7   16:10     N
11  18.3  25.5   16:10  12.7    6:20   2.0   1.9   0.0   1.0  12.9    6:55     N
12  19.2  27.2   17:30  12.6    5:30   1.9   2.7   0.0   0.6  14.5   14:10     N
13  20.4  27.2   17:00  15.6    7:40   0.8   2.9   0.0   0.8  12.9   13:45     N
14  20.7  27.3   15:45  15.9    6:10   0.6   2.9   0.0   0.6  12.9   14:55   NNE
15  21.2  27.0   17:05  16.9    3:00   0.2   3.2   0.0   0.5  11.3   13:45   NNW
16  21.6  28.1   16:55  16.6    6:15   0.3   3.6   0.0   0.5  12.9   13:25     N
17  21.8  28.9   16:35  17.1    4:50   0.2   3.8   0.0   1.0  17.7   17:10    SW
18  20.2  24.9   18:10  16.2    3:45   0.5   2.4   0.0   0.6  12.9   21:25   SSE
19  17.3  20.7   17:40  15.2   10:15   1.3   0.3   1.8   0.5  16.1    0:15    NW
20  15.9  19.8   16:35  13.5   20:10   2.5   0.1   0.0   0.3  12.9   15:00   NNW
21  14.4  21.8   15:55   8.5    6:45   4.4   0.5   0.0   0.5  14.5   13:50   NNW
22  14.7  17.2   15:35  13.2    5:05   3.6   0.0   0.8   0.3   8.0    8:55    NW
23  15.6  21.3   16:10  10.8   00:00   3.2   0.5   2.3   0.6  14.5   16:40    NW
24  14.4  22.8   16:50   8.8    7:25   4.5   0.6   0.0   0.2   8.0   15:05   NNW
25  16.2  23.6   15:35  10.7    6:10   3.3   1.3   0.0   0.6  11.3   13:15     N
26  17.4  23.2   16:55  12.9    0:05   2.1   1.1   0.0   0.8  11.3   13:55     N
27  17.9  22.0   17:15  14.3    2:10   1.3   0.9   0.0   0.2   6.4    5:35    NW
28  18.9  24.1   16:40  15.7   23:05   0.8   1.4   0.0   0.6  14.5   14:50    NW
29  18.1  22.7   16:30  14.1    6:05   1.4   1.2   0.0   0.3  11.3   13:05   NNE
30  18.7  26.4   17:05  12.9    7:10   1.8   2.2   0.0   0.8  11.3   10:00     S
-------------------------------------------------------------------------------------
    18.2  29.6     1     8.4     9    55.7  52.4  66.5   0.9  38.6     6     NNW

Max >=  32.0:  0
Max <=   0.0:  0
Min <=   0.0:  0
Min <= -18.0:  0
Max Rain: 31.24 ON 05/09/19
Days of Rain: 7 (> .2 mm) 5 (> 2 mm) 1 (> 20 mm)
Heat Base:  18.3  Cool Base:  18.3  Method: Integration