NOAA-Style Climate Reports

Select a Year or Month report
2022: Gen Feb Mar Apr Mag Giu Lug Ago Set Ott Nov Dic
2021: Gen Feb Mar Apr Mag Giu Lug Ago Set Ott Nov Dic
2020: Gen Feb Mar Apr Mag Giu Lug Ago Set Ott Nov Dic
2019: Gen Feb Mar Apr Mag Giu Lug Ago Set Ott Nov Dic
2018: Gen Feb Mar Apr Mag Giu Lug Ago Set Ott Nov Dic
2017: Gen Feb Mar Apr Mag Giu Lug Ago Set Ott Nov Dic
2016: Gen Feb Mar Apr Mag Giu Lug Ago Set Ott Nov Dic
2015: Gen Feb Mar Apr Mag Giu Lug Ago Set Ott Nov Dic
2014: Gen Feb Mar Apr Mag Giu Lug Ago Set Ott Nov Dic
2013: Gen Feb Mar Apr Mag Giu Lug Ago Set Ott Nov Dic
2012: Gen Feb Mar Apr Mag Giu Lug Ago Set Ott Nov Dic

Report for 2019 Novembre
                   MONTHLY CLIMATOLOGICAL SUMMARY for NOV. 2019

NAME: MeteoMalnate   CITY: Malnate   STATE: Italy 
ELEV:   387 m  LAT:  45° 47' 24" N  LONG:   8° 54' 13" E

                   TEMPERATURE (°C), RAIN  (mm), WIND SPEED (km/hr)

                                      HEAT  COOL        AVG
    MEAN                              DEG   DEG         WIND                 DOM
DAY TEMP  HIGH   TIME   LOW    TIME   DAYS  DAYS  RAIN  SPEED HIGH   TIME    DIR
------------------------------------------------------------------------------------
 1  10.4  12.6   14:20   9.6    7:35   7.8   0.0   0.0   0.0   4.8   13:10    NW
 2  10.3  11.9   14:35   9.1    7:25   8.0   0.0   1.8   0.0   8.0   13:35   SSE
 3   9.9  10.4   10:55   8.9   00:00   8.4   0.0  31.2   0.0   6.4   17:35     N
 4  10.4  17.6   14:30   5.3    7:40   7.8   0.0   0.3   0.5   9.7   13:25     N
 5  11.4  16.0   14:35   6.4   00:00   6.9   0.0   4.8   0.5  16.1    4:15    NW
 6   8.1  10.7   16:00   5.9    2:35  10.2   0.0   0.8   0.2   8.0    0:20   NNE
 7   7.8  10.2   13:40   4.4    6:20  10.5   0.0   9.7   0.3  14.5   22:00    NW
 8   7.6   9.5   14:40   5.6   23:30  10.7   0.0  31.5   1.0  16.1   12:10     N
 9   6.2  13.8   14:35   1.7    7:10  12.1   0.0   0.0   0.3  12.9   12:55   WNW
10   6.0  12.3   13:45   2.4   23:55  12.3   0.0   0.0   0.6   9.7   11:35   NNW
11   5.9   8.9   12:30   2.8    0:30  12.4   0.0  16.0   1.0  12.9   22:50   NNW
12   7.1  10.7   15:45   4.8   23:30  11.2   0.0   3.8   1.6  17.7    1:00    NW
13   8.7  13.1   14:00   0.4   23:50   9.6   0.0   0.0   4.3  32.2    6:50   NNW
14   4.2   6.6   13:45  -0.2    2:55  14.1   0.0   1.8   1.1  16.1   23:35    NW
15   7.1   9.3    6:00   4.9    4:00  11.2   0.0  53.1   0.8  19.3    2:35   NNW
16   6.6   8.2   12:15   5.7   20:45  11.7   0.0  11.7   0.3  12.9   22:00   NNW
17   5.6   6.3    1:00   4.1   21:25  12.7   0.0  23.6   0.8  16.1    9:40    NW
18   5.9   7.9   13:55   3.8    6:55  12.4   0.0   5.1   0.2   8.0   22:30   NNW
19   6.6   7.7   23:05   5.3    3:25  11.7   0.0  33.3   2.3  16.1    2:10   NNW
20   9.2  12.6   14:10   7.5    2:05   9.1   0.0   9.9   0.6   9.7   11:25   NNW
21   9.1  12.1   12:15   7.8    3:30   9.2   0.0   1.8   0.2   6.4   11:25   SSE
22   8.4   9.3   17:45   7.5   10:25   9.9   0.0  47.2   0.2  12.9   19:50    NW
23   9.5  10.5   11:40   8.2    7:10   8.8   0.0  42.4   1.1  20.9   13:05     N
24   9.6  10.1   18:00   8.9    7:10   8.8   0.0  18.3   1.6  17.7    8:15   NNW
25  11.2  17.4   14:10   7.2   23:25   7.1   0.0   0.0   0.8  17.7    9:30   NNW
26   9.1  14.1   13:00   5.6    7:50   9.2   0.0   0.0   0.2   6.4    0:40     N
27   8.8   9.4   12:40   7.6   21:45   9.5   0.0  31.8   0.6  16.1   12:15   NNW
28   7.9  12.6   13:30   4.4   22:30  10.3   0.0   0.0   0.3   9.7   15:05    NW
29   6.9  13.3   14:05   2.6    6:30  11.4   0.0   0.3   0.5  16.1   23:45   NNE
30   7.8  15.2   12:15   3.5    8:40  10.4   0.0   0.0   0.5  14.5    1:40   NNW
-------------------------------------------------------------------------------------
     8.1  17.6     4    -0.2    14   305.5   0.0 380.0   0.7  32.2    13     NNW

Max >=  32.0:  0
Max <=   0.0:  0
Min <=   0.0:  1
Min <= -18.0:  0
Max Rain: 53.09 ON 15/11/19
Days of Rain: 22 (> .2 mm) 16 (> 2 mm) 8 (> 20 mm)
Heat Base:  18.3  Cool Base:  18.3  Method: Integration