NOAA-Style Climate Reports

Select a Year or Month report
2022: Gen Feb Mar Apr Mag Giu Lug Ago Set Ott Nov Dic
2021: Gen Feb Mar Apr Mag Giu Lug Ago Set Ott Nov Dic
2020: Gen Feb Mar Apr Mag Giu Lug Ago Set Ott Nov Dic
2019: Gen Feb Mar Apr Mag Giu Lug Ago Set Ott Nov Dic
2018: Gen Feb Mar Apr Mag Giu Lug Ago Set Ott Nov Dic
2017: Gen Feb Mar Apr Mag Giu Lug Ago Set Ott Nov Dic
2016: Gen Feb Mar Apr Mag Giu Lug Ago Set Ott Nov Dic
2015: Gen Feb Mar Apr Mag Giu Lug Ago Set Ott Nov Dic
2014: Gen Feb Mar Apr Mag Giu Lug Ago Set Ott Nov Dic
2013: Gen Feb Mar Apr Mag Giu Lug Ago Set Ott Nov Dic
2012: Gen Feb Mar Apr Mag Giu Lug Ago Set Ott Nov Dic

Report for 2019 Dicembre
                   MONTHLY CLIMATOLOGICAL SUMMARY for DEC. 2019

NAME: MeteoMalnate   CITY: Malnate   STATE: Italy 
ELEV:   387 m  LAT:  45° 47' 24" N  LONG:   8° 54' 13" E

                   TEMPERATURE (°C), RAIN  (mm), WIND SPEED (km/hr)

                                      HEAT  COOL        AVG
    MEAN                              DEG   DEG         WIND                 DOM
DAY TEMP  HIGH   TIME   LOW    TIME   DAYS  DAYS  RAIN  SPEED HIGH   TIME    DIR
------------------------------------------------------------------------------------
 1   5.9   6.8   12:05   5.2   22:40  12.4   0.0  26.4   0.8  14.5   16:10   NNE
 2   6.0  10.6   13:45   2.6    7:35  12.3   0.0   1.3   0.3   8.0    2:05   NNE
 3   6.2   8.1   14:55   2.5   19:10  12.2   0.0   0.0   0.0   4.8   11:10   NNE
 4   4.1   7.8   13:35   0.3   20:50  14.2   0.0   0.0   0.2   8.0   11:55   SSE
 5   2.2   8.6   13:30  -1.3    8:10  16.1   0.0   0.0   0.2   9.7   11:45   NNE
 6   1.8   8.5   14:30  -2.3    7:55  16.5   0.0   0.3   0.2   8.0   12:25   SSE
 7   3.9  11.3   14:10  -0.3    7:45  14.4   0.0   0.0   0.2   8.0   13:35   SSW
 8   4.7  10.9   14:25  -0.7    8:00  13.6   0.0   0.0   0.2   8.0   12:55     N
 9   6.2  10.5   13:00   2.4   20:00  12.1   0.0   0.0   1.1  24.1   21:50   NNW
10   6.6  11.9   14:15  -0.7   23:55  11.7   0.0   0.0   3.2  35.4   11:30   NNW
11   2.4   6.6   13:20  -1.8    4:10  15.9   0.0   0.0   0.3   6.4    9:05   NNW
12   1.6   2.7   15:20  -0.2   20:55  16.7   0.0   2.5   0.0   4.8    1:45     N
13   1.3   5.8   00:00  -0.6   21:05  17.0   0.0   4.8   0.5  17.7   23:45   NNW
14   5.7  11.6   14:05   2.1    2:40  12.7   0.0   3.3   1.8  20.9    0:05   NNW
15   4.7   8.5   13:35   0.8    1:25  13.6   0.0   0.8   0.0   6.4    2:25   NNW
16   6.7   7.6   11:40   5.8    1:00  11.7   0.0   6.6   0.0   6.4   22:35   NNW
17   7.8   8.8   23:50   7.0    0:55  10.5   0.0  32.3   0.0   8.0   19:35    NW
18   9.0   9.7   14:25   8.2   23:05   9.3   0.0  18.8   0.0   6.4    5:10    NW
19   9.0   9.7   14:15   7.4    3:20   9.3   0.0  34.3   0.5   8.0    4:35   NNW
20   9.2   9.7   12:00   7.7   21:45   9.1   0.0  65.8   2.3  24.1   19:35   NNW
21   7.8  11.1   14:40   4.9   20:05  10.5   0.0  22.1   1.3  12.9   23:45   NNW
22   7.9  11.7   13:35   4.7   22:05  10.4   0.0   4.1   1.4  17.7   23:50    NW
23   9.6  14.6   13:30   3.4    8:40   8.7   0.0   0.0   3.5  24.1   17:00   NNW
24   7.2  11.8   14:55   2.0   00:00  11.1   0.0   0.0   0.8  19.3    2:40   NNW
25   9.5  16.2   12:15   1.8    0:30   8.8   0.0   0.0   2.1  22.5    5:20   NNW
26   4.8  12.2   13:45   0.6    8:55  13.5   0.0   0.0   0.3   6.4   10:05     N
27   3.3  10.2   14:00  -0.4    3:05  15.0   0.0   0.0   0.3   6.4   12:45    NW
28   2.7   9.2   12:15  -0.8    4:00  15.6   0.0   0.0   0.3  11.3   13:05   SSE
29   3.1   7.3   13:15  -0.3    0:45  15.2   0.0   0.0   0.3  12.9   13:05   SSE
30   2.9   6.8   13:55  -1.0   23:50  15.4   0.0   0.0   0.3   8.0   11:50    SW
31   2.4  10.6   14:05  -1.9    6:30  15.9   0.0   0.0   0.2   8.0   14:05    SW
-------------------------------------------------------------------------------------
     5.4  16.2    25    -2.3     6   401.2   0.0 223.3   0.7  35.4    10     NNW

Max >=  32.0:  0
Max <=   0.0:  0
Min <=   0.0: 13
Min <= -18.0:  0
Max Rain: 65.79 ON 20/12/19
Days of Rain: 14 (> .2 mm) 11 (> 2 mm) 5 (> 20 mm)
Heat Base:  18.3  Cool Base:  18.3  Method: Integration