NOAA-Style Climate Reports

Select a Year or Month report
2022: Gen Feb Mar Apr Mag Giu Lug Ago Set Ott Nov Dic
2021: Gen Feb Mar Apr Mag Giu Lug Ago Set Ott Nov Dic
2020: Gen Feb Mar Apr Mag Giu Lug Ago Set Ott Nov Dic
2019: Gen Feb Mar Apr Mag Giu Lug Ago Set Ott Nov Dic
2018: Gen Feb Mar Apr Mag Giu Lug Ago Set Ott Nov Dic
2017: Gen Feb Mar Apr Mag Giu Lug Ago Set Ott Nov Dic
2016: Gen Feb Mar Apr Mag Giu Lug Ago Set Ott Nov Dic
2015: Gen Feb Mar Apr Mag Giu Lug Ago Set Ott Nov Dic
2014: Gen Feb Mar Apr Mag Giu Lug Ago Set Ott Nov Dic
2013: Gen Feb Mar Apr Mag Giu Lug Ago Set Ott Nov Dic
2012: Gen Feb Mar Apr Mag Giu Lug Ago Set Ott Nov Dic

Report for 2020 Febbraio
                   MONTHLY CLIMATOLOGICAL SUMMARY for FEB. 2020

NAME: MeteoMalnate   CITY: Malnate   STATE: Italy 
ELEV:   387 m  LAT:  45° 47' 24" N  LONG:   8° 54' 13" E

                   TEMPERATURE (°C), RAIN  (mm), WIND SPEED (km/hr)

                                      HEAT  COOL        AVG
    MEAN                              DEG   DEG         WIND                 DOM
DAY TEMP  HIGH   TIME   LOW    TIME   DAYS  DAYS  RAIN  SPEED HIGH   TIME    DIR
------------------------------------------------------------------------------------
 1   6.6   9.8   13:55   2.3   23:25  11.8   0.0   0.0   0.0   4.8    4:05     N
 2   7.1  15.7   14:05   0.3    7:05  11.2   0.0   0.0   1.0  14.5   14:10   NNE
 3   9.7  20.1   14:45   2.8    7:35   8.7   0.1   0.0   0.6  16.1   18:30   NNE
 4   7.7  13.3   10:10   4.1   23:45  10.6   0.0   0.3   5.0  41.8   12:20   NNW
 5   6.7  11.2   12:40  -0.4    6:15  11.6   0.0   0.0   7.4  54.7   16:00   NNW
 6   3.8  11.1   15:10  -0.9   23:50  14.5   0.0   0.0   0.8  11.3   13:25   ENE
 7   3.6  11.8   15:05  -2.7    7:50  14.7   0.0   0.0   0.8  12.9   14:20   NNE
 8   4.0  11.1   13:45  -0.6    2:35  14.3   0.0   0.0   0.5  12.9   15:40     S
 9   4.1  10.9   13:40  -1.4    8:10  14.3   0.0   0.3   0.5  12.9   14:40    NE
10   7.1  12.6   15:30   4.9    2:45  11.3   0.0   0.0   0.3   8.0   12:30   SSW
11  10.9  17.5   14:05   3.1    4:35   7.3   0.0   0.0   4.0  41.8   10:15   NNW
12   8.8  14.3   14:40   2.7    7:40   9.5   0.0   0.0   3.1  25.7    0:45   NNW
13   6.1  12.3   12:35  -0.3    6:20  12.2   0.0   0.3   1.1  17.7   22:55   NNW
14   7.9  16.1   14:45   1.7    8:05  10.4   0.0   0.0   1.4  17.7    5:45   NNW
15   6.9  14.4   15:25   1.1    8:05  11.4   0.0   0.0   1.0  14.5   13:40   NNW
16   6.1  12.4   14:00   0.7    5:30  12.2   0.0   0.0   0.3   8.0   12:20    SE
17   7.2  10.3   13:25   2.4    5:10  11.1   0.0   0.0   0.3   8.0   10:35     N
18   7.8  17.2   15:25   1.2    7:35  10.5   0.0   0.0   1.0  17.7   11:15   NNW
19   7.9  14.1   15:05   1.3    3:20  10.4   0.0   0.0   2.6  29.0   19:30     N
20   5.7  13.0   14:45  -0.3    5:25  12.6   0.0   0.0   1.0  12.9   15:30     N
21   6.6  16.8   15:05  -1.0    7:50  11.7   0.0   0.0   0.8  12.9    2:55     N
22   6.3  14.3   14:40   0.5    6:05  12.0   0.0   0.0   0.6  16.1   14:45   SSE
23   7.4  16.3   15:25   0.6    7:15  10.8   0.0   0.0   0.8  14.5   13:00   SSE
24  10.4  21.7   12:50   2.5    5:00   8.2   0.4   0.0   0.6  17.7   16:15     E
25   9.3  12.2   15:40   5.1   22:05   9.0   0.0   0.0   0.0   0.0     ---   ---
26   6.6  11.2   10:30   2.7    6:30  11.7   0.0   0.3   3.2  40.2   13:50   NNW
27   4.7  10.3   12:25  -1.4    7:40  13.6   0.0   0.0   3.1  27.4   23:10   NNW
28   7.6  13.8   16:10   2.3   23:05  10.7   0.0   0.0   4.0  32.2    2:15   NNW
29   5.2   9.9   11:55   1.4    3:35  13.1   0.0   1.0   0.3   8.0   11:35   NNE
-------------------------------------------------------------------------------------
     6.9  21.7    24    -2.7     7   331.5   0.5   2.0   1.6  54.7     5     NNW

Max >=  32.0:  0
Max <=   0.0:  0
Min <=   0.0:  9
Min <= -18.0:  0
Max Rain: 1.02 ON 29/02/20
Days of Rain: 5 (> .2 mm) 0 (> 2 mm) 0 (> 20 mm)
Heat Base:  18.3  Cool Base:  18.3  Method: Integration