NOAA-Style Climate Reports

Select a Year or Month report
2022: Gen Feb Mar Apr Mag Giu Lug Ago Set Ott Nov Dic
2021: Gen Feb Mar Apr Mag Giu Lug Ago Set Ott Nov Dic
2020: Gen Feb Mar Apr Mag Giu Lug Ago Set Ott Nov Dic
2019: Gen Feb Mar Apr Mag Giu Lug Ago Set Ott Nov Dic
2018: Gen Feb Mar Apr Mag Giu Lug Ago Set Ott Nov Dic
2017: Gen Feb Mar Apr Mag Giu Lug Ago Set Ott Nov Dic
2016: Gen Feb Mar Apr Mag Giu Lug Ago Set Ott Nov Dic
2015: Gen Feb Mar Apr Mag Giu Lug Ago Set Ott Nov Dic
2014: Gen Feb Mar Apr Mag Giu Lug Ago Set Ott Nov Dic
2013: Gen Feb Mar Apr Mag Giu Lug Ago Set Ott Nov Dic
2012: Gen Feb Mar Apr Mag Giu Lug Ago Set Ott Nov Dic

Report for 2020 Aprile
                   MONTHLY CLIMATOLOGICAL SUMMARY for APR. 2020

NAME: MeteoMalnate   CITY: Malnate   STATE: Italy 
ELEV:   387 m  LAT:  45° 47' 24" N  LONG:   8° 54' 13" E

                   TEMPERATURE (°C), RAIN  (mm), WIND SPEED (km/hr)

                                      HEAT  COOL        AVG
    MEAN                              DEG   DEG         WIND                 DOM
DAY TEMP  HIGH   TIME   LOW    TIME   DAYS  DAYS  RAIN  SPEED HIGH   TIME    DIR
------------------------------------------------------------------------------------
 1   5.0   9.8   16:40   0.4   00:00  13.3   0.0   0.0   0.6  14.5   15:45   WSW
 2   5.2  13.2   17:00  -1.7    7:25  13.1   0.0   0.0   1.1  17.7   12:35    SW
 3   8.0  16.6   17:05   0.2    7:15  10.3   0.0   0.0   1.1  16.1   14:15     S
 4  10.1  17.7   15:35   2.2    7:20   8.3   0.0   0.0   0.8  14.5   15:55     S
 5  11.4  18.8   17:15   4.4    3:40   6.9   0.0   0.0   1.1  16.1   14:50     S
 6  12.2  19.9   17:10   4.5    5:50   6.3   0.2   0.0   1.4  17.7   15:25    NE
 7  13.5  22.0   16:15   5.7    3:20   5.5   0.7   0.0   1.4  16.1   14:00   SSE
 8  13.5  21.5   16:20   5.2    6:55   5.5   0.7   0.0   1.1  19.3   14:10   SSE
 9  13.9  22.8   16:25   5.4    4:50   5.4   1.1   0.0   1.3  17.7   16:10     S
10  15.3  23.7   15:30   6.9    7:40   4.6   1.6   0.0   1.4  17.7   13:35   SSE
11  15.8  24.6   16:00   7.3    7:00   4.4   1.9   0.0   1.3  17.7   14:40   NNE
12  14.4  22.8   16:20   5.4    6:50   5.0   1.1   0.0   1.1  17.7   15:05     S
13  14.5  20.3   16:20   7.7    4:05   4.1   0.3   0.0   1.4  16.1   15:30   NNE
14  14.1  21.9   15:50   5.7    7:15   5.2   1.0   0.0   4.5  35.4   10:45     N
15  11.1  17.8   17:05   6.2   00:00   7.2   0.0   0.0   1.0  16.1   13:40   SSE
16  11.5  19.9   18:15   3.6    5:50   7.0   0.2   0.0   1.0  14.5   16:30     S
17  13.6  21.3   16:00   5.2    6:50   5.3   0.6   0.0   1.1  16.1   12:40     S
18  15.1  22.4   17:35   7.1    6:30   4.1   0.9   0.0   1.0  14.5   13:30     S
19  15.3  20.6   15:30   8.8    6:50   3.5   0.5   1.0   0.8  14.5   12:45     S
20  12.7  14.4    0:05  11.0   23:35   5.6   0.0  16.3   0.2   9.7    5:25   NNW
21  10.3  11.8   17:55   9.4    7:15   8.0   0.0   6.3   0.3   9.7    1:25    NW
22  13.0  19.8   16:35   5.6    6:55   5.5   0.2   0.0   1.0  16.1   12:00   NNE
23  13.7  20.9   17:30   6.6    6:10   5.0   0.4   0.0   1.1  14.5   15:00   NNE
24  14.9  22.7   17:10   6.6    6:35   4.5   1.1   0.0   1.4  17.7   12:35   SSE
25  15.9  23.3   16:45   8.2    6:50   3.5   1.2   0.0   1.6  19.3   14:40   SSE
26  15.7  21.8   17:05  10.8    6:40   3.0   0.4   0.3   1.0  16.1   13:50   WSW
27  15.9  19.8   17:30  12.8    7:15   2.5   0.1   0.3   0.8  14.5   14:40    NW
28  14.1  17.4   12:50  11.7   23:55   4.3   0.0  24.4   0.3  12.9   13:50   NNE
29  14.8  22.4   16:25   9.4    6:35   4.2   0.8   1.5   1.6  19.3   18:50   WSW
30  13.2  17.8   11:20   9.9    6:30   5.1   0.0  18.5   0.3  16.1   16:30    NE
-------------------------------------------------------------------------------------
    12.9  24.6    11    -1.7     2   176.4  15.0  68.6   1.1  35.4    14       S

Max >=  32.0:  0
Max <=   0.0:  0
Min <=   0.0:  1
Min <= -18.0:  0
Max Rain: 24.38 ON 28/04/20
Days of Rain: 8 (> .2 mm) 4 (> 2 mm) 1 (> 20 mm)
Heat Base:  18.3  Cool Base:  18.3  Method: Integration