NOAA-Style Climate Reports

Select a Year or Month report
2022: Gen Feb Mar Apr Mag Giu Lug Ago Set Ott Nov Dic
2021: Gen Feb Mar Apr Mag Giu Lug Ago Set Ott Nov Dic
2020: Gen Feb Mar Apr Mag Giu Lug Ago Set Ott Nov Dic
2019: Gen Feb Mar Apr Mag Giu Lug Ago Set Ott Nov Dic
2018: Gen Feb Mar Apr Mag Giu Lug Ago Set Ott Nov Dic
2017: Gen Feb Mar Apr Mag Giu Lug Ago Set Ott Nov Dic
2016: Gen Feb Mar Apr Mag Giu Lug Ago Set Ott Nov Dic
2015: Gen Feb Mar Apr Mag Giu Lug Ago Set Ott Nov Dic
2014: Gen Feb Mar Apr Mag Giu Lug Ago Set Ott Nov Dic
2013: Gen Feb Mar Apr Mag Giu Lug Ago Set Ott Nov Dic
2012: Gen Feb Mar Apr Mag Giu Lug Ago Set Ott Nov Dic

Report for 2020 Giugno
                   MONTHLY CLIMATOLOGICAL SUMMARY for JUN. 2020

NAME: MeteoMalnate   CITY: Malnate   STATE: Italy 
ELEV:   387 m  LAT:  45° 47' 24" N  LONG:   8° 54' 13" E

                   TEMPERATURE (°C), RAIN  (mm), WIND SPEED (km/hr)

                                      HEAT  COOL        AVG
    MEAN                              DEG   DEG         WIND                 DOM
DAY TEMP  HIGH   TIME   LOW    TIME   DAYS  DAYS  RAIN  SPEED HIGH   TIME    DIR
------------------------------------------------------------------------------------
 1  19.1  25.3   17:00  12.3    5:55   1.7   2.4   0.0   1.1  16.1   14:45   WNW
 2  20.3  26.8   17:40  13.9    6:20   1.2   3.2   3.6   2.1  24.1   20:00   ENE
 3  17.5  25.0   15:30  11.9    5:40   2.5   1.7  29.0   1.4  20.9   18:10   NNW
 4  14.6  15.6   12:15  13.8   00:00   3.7   0.0  35.6   1.4  20.9   10:40     N
 5  17.8  24.8   16:40  10.9    6:50   2.4   2.0   1.5   1.6  19.3    1:05   WSW
 6  18.4  25.2   17:45  11.9    5:55   1.8   1.9   8.9   0.8  16.1   16:20   NNE
 7  15.3  17.2   14:20  12.3   15:40   3.0   0.0  43.2   1.3  25.7   14:30     N
 8  14.4  18.2   16:50  10.5    5:50   3.9   0.0  12.4   1.0  19.3   21:45   NNE
 9  15.8  20.7   15:30  12.3    4:30   2.8   0.4   0.3   1.3  16.1   21:30     N
10  15.7  20.0   12:40  11.3    5:20   2.7   0.2   1.8   0.5  12.9   12:10     N
11  15.1  17.8   16:25  12.9    5:35   3.2   0.0  14.0   0.3  14.5   15:45   NNE
12  17.3  21.9   16:25  14.1    3:00   1.6   0.6   2.0   0.5  11.3   14:45   NNW
13  18.6  24.6   15:25  13.6    4:05   1.5   1.8   0.8   1.4  17.7   14:35   WSW
14  19.8  26.3   17:05  14.7    5:55   1.2   2.7   0.3   1.0  12.9   17:20   WSW
15  20.4  27.1   17:40  14.3    6:30   0.7   2.8   0.8   0.8  14.5    2:35   NNE
16  18.9  24.8   13:50  15.1    5:25   0.9   1.5   0.5   0.5  12.9   16:10   NNW
17  16.6  20.6   18:05  14.9   00:00   1.9   0.2  15.7   0.6  12.9    3:55   NNW
18  17.8  24.6   15:55  12.3    5:05   1.9   1.4   0.3   1.0  19.3   18:20   NNE
19  18.9  24.7   16:15  13.3    6:20   1.5   2.1   0.0   1.1  17.7   14:55     N
20  19.9  27.2   17:25  10.6    5:45   1.8   3.4   0.0   0.8  17.7   20:10   WSW
21  24.2  28.1   16:45  16.4    0:05   0.0   5.9   0.0   6.3  30.6   14:00     N
22  25.4  29.8   15:20  19.6   00:00   0.0   7.1   0.0   4.7  25.7    1:05     N
23  23.7  31.0   17:10  16.3    2:35   0.3   5.7   0.0   1.3  16.1   15:10   NNE
24  23.7  29.6   16:55  17.7    2:20   0.1   5.4   0.0   0.6  12.9   14:45    NE
25  22.3  27.3   15:40  15.8    6:05   0.3   4.3   0.0   0.5  12.9   13:20    NW
26  22.5  27.2   15:50  18.3    4:55   0.0   4.2   0.8   0.6  11.3    1:45    NW
27  22.9  29.1   15:50  17.9    5:05   0.0   4.6   0.0   0.8  14.5   15:45    NW
28  23.7  30.6   17:55  17.0    5:45   0.1   5.5   0.0   0.6  14.5   14:20    NE
29  24.2  30.7   17:00  17.2    5:50   0.1   6.0   0.0   1.0  16.1   17:25   WSW
30  24.1  29.3   16:25  19.8    2:00   0.0   5.8   0.0   0.6  14.5   15:50   NNW
-------------------------------------------------------------------------------------
    19.6  31.0    23    10.5     8    42.8  82.8 171.2   1.3  30.6    21       N

Max >=  32.0:  0
Max <=   0.0:  0
Min <=   0.0:  0
Min <= -18.0:  0
Max Rain: 43.18 ON 07/06/20
Days of Rain: 18 (> .2 mm) 9 (> 2 mm) 3 (> 20 mm)
Heat Base:  18.3  Cool Base:  18.3  Method: Integration