NOAA-Style Climate Reports

Select a Year or Month report
2022: Gen Feb Mar Apr Mag Giu Lug Ago Set Ott Nov Dic
2021: Gen Feb Mar Apr Mag Giu Lug Ago Set Ott Nov Dic
2020: Gen Feb Mar Apr Mag Giu Lug Ago Set Ott Nov Dic
2019: Gen Feb Mar Apr Mag Giu Lug Ago Set Ott Nov Dic
2018: Gen Feb Mar Apr Mag Giu Lug Ago Set Ott Nov Dic
2017: Gen Feb Mar Apr Mag Giu Lug Ago Set Ott Nov Dic
2016: Gen Feb Mar Apr Mag Giu Lug Ago Set Ott Nov Dic
2015: Gen Feb Mar Apr Mag Giu Lug Ago Set Ott Nov Dic
2014: Gen Feb Mar Apr Mag Giu Lug Ago Set Ott Nov Dic
2013: Gen Feb Mar Apr Mag Giu Lug Ago Set Ott Nov Dic
2012: Gen Feb Mar Apr Mag Giu Lug Ago Set Ott Nov Dic

Report for 2020 Settembre
                   MONTHLY CLIMATOLOGICAL SUMMARY for SEP. 2020

NAME: MeteoMalnate   CITY: Malnate   STATE: Italy 
ELEV:   387 m  LAT:  45° 47' 24" N  LONG:   8° 54' 13" E

                   TEMPERATURE (°C), RAIN  (mm), WIND SPEED (km/hr)

                                      HEAT  COOL        AVG
    MEAN                              DEG   DEG         WIND                 DOM
DAY TEMP  HIGH   TIME   LOW    TIME   DAYS  DAYS  RAIN  SPEED HIGH   TIME    DIR
------------------------------------------------------------------------------------
 1  17.2  25.3   17:15  10.1    6:30   3.0   1.8   0.0   0.6  14.5   15:25     N
 2  17.0  22.4   17:15  14.0    6:40   1.9   0.6   0.0   0.6  12.9    9:35   NNE
 3  18.3  25.4   16:30  12.6    6:45   2.0   2.0   0.0   0.6  12.9   16:20    NE
 4  19.6  26.7   18:00  14.0    7:00   1.4   2.7   0.0   0.5  12.9   13:10   NNE
 5  20.8  28.1   16:30  15.4    5:35   0.8   3.3   0.0   0.6  12.9   15:00     S
 6  20.3  26.5   15:40  15.9    3:25   0.6   2.7   2.5   0.8  17.7   23:50    NE
 7  17.2  20.1   15:55  15.3    7:30   1.4   0.3   5.3   0.6  16.1    0:20     N
 8  19.6  25.9   17:40  15.7    0:05   0.9   2.1   0.0   0.3  11.3   15:35   NNW
 9  20.2  27.3   17:05  14.9    5:55   0.9   2.8   0.0   0.5  12.9   13:50   NNE
10  20.7  26.7   17:00  15.7    5:35   0.6   3.0   0.0   0.5   9.7   14:30   NNE
11  21.2  26.6   13:45  17.1   23:55   0.1   3.0   0.0   1.0  16.1   17:05   WNW
12  21.6  28.6   16:30  16.7    1:05   0.4   3.8   0.0   0.3  12.9   14:10    NE
13  22.6  29.4   15:45  17.7    7:00   0.0   4.3   0.0   0.3   9.7   14:10    NW
14  22.4  28.4   17:15  18.3    1:50   0.0   4.2   0.0   0.3   9.7   11:10   ENE
15  21.6  27.9   17:00  17.2    7:20   0.1   3.4   0.0   0.5  11.3   15:15    NE
16  22.5  28.7   15:05  18.2    6:15   0.0   4.2   0.0   0.8  12.9   15:20    NE
17  21.6  29.1   16:25  15.9    7:45   0.3   3.6   0.0   0.3  11.3   14:15    NE
18  21.2  27.4   16:35  16.6    4:15   0.3   3.2   0.0   0.5  12.9   15:05    NE
19  19.1  23.6   15:40  15.7    4:45   0.8   1.5   0.0   0.2   8.0   17:35   NNE
20  18.4  23.6   17:10  14.8    3:25   1.2   1.3   0.0   0.2   8.0   16:05    NW
21  18.1  22.8   17:45  15.3    4:55   1.1   0.9   0.0   0.2   6.4   11:20   NNE
22  17.8  20.4   14:30  16.1    7:55   0.9   0.4  10.7   0.3  11.3   22:35   NNE
23  17.8  23.3   16:10  14.7   00:00   1.6   1.0   3.8   0.5  14.5   15:45   WSW
24  17.0  20.4   16:05  13.9    1:30   1.5   0.2   0.0   1.1  20.9   19:10   NNE
25  13.7  16.9    0:25   9.2   11:50   4.6   0.0   0.0   3.5  41.8   14:50   NNW
26  12.4  15.8   12:45   7.8    4:25   5.8   0.0   0.0   3.9  22.5    9:00     N
27  11.2  17.8   16:35   4.4    7:55   7.1   0.0   0.0   1.4  17.7   10:25     N
28  11.7  20.2   16:50   5.0    7:40   6.8   0.3   0.0   0.6  12.9   16:25    SW
29  13.5  20.1   14:50   8.7    4:50   5.0   0.2   0.0   0.8  12.9   14:35     N
30  13.9  21.1   16:35  10.0    1:35   4.4   0.3   0.8   0.6  14.5   16:40   NNW
-------------------------------------------------------------------------------------
    18.3  29.4    13     4.4    27    55.6  57.2  23.1   0.8  41.8    25       N

Max >=  32.0:  0
Max <=   0.0:  0
Min <=   0.0:  0
Min <= -18.0:  0
Max Rain: 10.67 ON 22/09/20
Days of Rain: 5 (> .2 mm) 4 (> 2 mm) 0 (> 20 mm)
Heat Base:  18.3  Cool Base:  18.3  Method: Integration