NOAA-Style Climate Reports

Select a Year or Month report
2022: Gen Feb Mar Apr Mag Giu Lug Ago Set Ott Nov Dic
2021: Gen Feb Mar Apr Mag Giu Lug Ago Set Ott Nov Dic
2020: Gen Feb Mar Apr Mag Giu Lug Ago Set Ott Nov Dic
2019: Gen Feb Mar Apr Mag Giu Lug Ago Set Ott Nov Dic
2018: Gen Feb Mar Apr Mag Giu Lug Ago Set Ott Nov Dic
2017: Gen Feb Mar Apr Mag Giu Lug Ago Set Ott Nov Dic
2016: Gen Feb Mar Apr Mag Giu Lug Ago Set Ott Nov Dic
2015: Gen Feb Mar Apr Mag Giu Lug Ago Set Ott Nov Dic
2014: Gen Feb Mar Apr Mag Giu Lug Ago Set Ott Nov Dic
2013: Gen Feb Mar Apr Mag Giu Lug Ago Set Ott Nov Dic
2012: Gen Feb Mar Apr Mag Giu Lug Ago Set Ott Nov Dic

Report for 2020 Dicembre
                   MONTHLY CLIMATOLOGICAL SUMMARY for DEC. 2020

NAME: MeteoMalnate   CITY: Malnate   STATE: Italy 
ELEV:   387 m  LAT:  45° 47' 24" N  LONG:   8° 54' 13" E

                   TEMPERATURE (°C), RAIN  (mm), WIND SPEED (km/hr)

                                      HEAT  COOL        AVG
    MEAN                              DEG   DEG         WIND                 DOM
DAY TEMP  HIGH   TIME   LOW    TIME   DAYS  DAYS  RAIN  SPEED HIGH   TIME    DIR
------------------------------------------------------------------------------------
 1   4.2   5.1   11:45   3.6   23:35  14.1   0.0   2.3   0.0   3.2   13:05    SE
 2   2.1   3.6    0:05   0.7   00:00  16.2   0.0   3.3   0.2   8.0    5:40   NNW
 3   1.9   6.1   12:05  -0.5    8:10  16.4   0.0   1.5   0.2   9.7   12:55   NNE
 4   1.2   1.7    3:50   0.9    9:20  17.1   0.0  16.3   0.0   4.8    3:15    NE
 5   2.6   3.7   13:40   1.2    1:00  15.8   0.0  52.8   0.3  14.5   18:20   NNE
 6   3.2   4.6   12:25   2.2    8:20  15.1   0.0  27.2   0.2   6.4    4:25   NNE
 7   3.2   4.0   10:15   2.3   22:35  15.1   0.0   9.4   0.3  12.9    8:35    NE
 8   3.4   4.6   14:50   2.3    6:05  14.9   0.0  16.8   1.1  22.5   10:40   NNE
 9   4.1   4.9   13:00   3.3    1:55  14.3   0.0   4.8   0.2   6.4    3:45    NE
10   4.0   8.3   14:40   1.4   20:45  14.3   0.0   0.8   0.2   8.0   12:35     N
11   3.6   6.1   14:05   0.9    3:25  14.7   0.0   0.0   0.0   4.8    7:50    NW
12   3.5   7.1   15:10  -0.3   00:00  14.8   0.0   0.3   0.0   6.4   13:55    NW
13   3.6  11.5   14:40  -0.8    7:35  14.7   0.0   0.0   0.2   9.7   15:20   NNE
14   3.8  10.1   14:05   0.1    7:40  14.5   0.0   0.0   0.3   9.7   13:05     E
15   5.1   8.5   14:40   1.6    8:10  13.2   0.0   0.0   0.2   6.4    1:20   NNE
16   6.8   9.5   13:55   5.3    7:00  11.5   0.0   0.8   0.0   6.4   11:00   NNE
17   6.8  12.1   14:30   3.2   21:30  11.5   0.0   0.0   0.0   4.8   10:00   NNE
18   6.3  10.8   14:45   4.2    0:35  12.0   0.0   0.0   0.0   6.4   14:55    NE
19   7.4  11.0   14:05   5.7    2:15  10.9   0.0   0.0   0.2   6.4   11:05   NNE
20   7.3   7.9   13:50   6.8    0:05  11.0   0.0   3.0   0.0   4.8   23:05   WSW
21   7.8   8.8   14:25   7.1    4:35  10.4   0.0   0.3   0.0   3.2   12:10    SW
22   6.7  10.5   15:15   4.3   19:50  11.6   0.0   0.0   0.2  14.5   22:40    NE
23   7.7   9.2   15:05   5.8    0:05  10.7   0.0   0.0   0.2  12.9    3:55   NNE
24   8.1   9.1   15:55   7.5    7:15  10.3   0.0   2.5   0.0   4.8    2:05   NNE
25   6.9   9.0   16:30   3.1   00:00  11.4   0.0   0.0   5.6  49.9   15:00     N
26   4.4  10.5   14:25  -2.1   23:30  13.8   0.0   0.0   3.5  29.0    9:30     N
27  -0.1   3.6   12:55  -3.6    6:30  18.4   0.0   0.0   0.2   8.0   13:15    NE
28   0.4   1.8   13:05  -1.8   23:25  17.9   0.0   0.0   0.3  11.3   15:20   WSW
29   1.8   3.6   14:00  -1.3    0:05  16.5   0.0   6.9   0.6  14.5    1:35    NE
30   1.8   7.6   14:10  -2.3   23:30  16.5   0.0   8.1   0.0   4.8   12:30    NE
31   0.6   5.8   14:40  -3.9    6:20  17.7   0.0   1.8   0.5  12.9   12:55    NW
-------------------------------------------------------------------------------------
     4.2  12.1    17    -3.9    31   437.2   0.0 158.8   0.5  49.9    25     NNE

Max >=  32.0:  0
Max <=   0.0:  0
Min <=   0.0:  9
Min <= -18.0:  0
Max Rain: 52.83 ON 05/12/20
Days of Rain: 18 (> .2 mm) 12 (> 2 mm) 2 (> 20 mm)
Heat Base:  18.3  Cool Base:  18.3  Method: Integration