NOAA-Style Climate Reports

Select a Year or Month report
2022: Gen Feb Mar Apr Mag Giu Lug Ago Set Ott Nov Dic
2021: Gen Feb Mar Apr Mag Giu Lug Ago Set Ott Nov Dic
2020: Gen Feb Mar Apr Mag Giu Lug Ago Set Ott Nov Dic
2019: Gen Feb Mar Apr Mag Giu Lug Ago Set Ott Nov Dic
2018: Gen Feb Mar Apr Mag Giu Lug Ago Set Ott Nov Dic
2017: Gen Feb Mar Apr Mag Giu Lug Ago Set Ott Nov Dic
2016: Gen Feb Mar Apr Mag Giu Lug Ago Set Ott Nov Dic
2015: Gen Feb Mar Apr Mag Giu Lug Ago Set Ott Nov Dic
2014: Gen Feb Mar Apr Mag Giu Lug Ago Set Ott Nov Dic
2013: Gen Feb Mar Apr Mag Giu Lug Ago Set Ott Nov Dic
2012: Gen Feb Mar Apr Mag Giu Lug Ago Set Ott Nov Dic

Report for 2021 Aprile
                   MONTHLY CLIMATOLOGICAL SUMMARY for APR. 2021

NAME: MeteoMalnate   CITY: Malnate   STATE: Italy 
ELEV:   387 m  LAT:  45° 47' 24" N  LONG:   8° 54' 13" E

                   TEMPERATURE (°C), RAIN  (mm), WIND SPEED (km/hr)

                                      HEAT  COOL        AVG
    MEAN                              DEG   DEG         WIND                 DOM
DAY TEMP  HIGH   TIME   LOW    TIME   DAYS  DAYS  RAIN  SPEED HIGH   TIME    DIR
------------------------------------------------------------------------------------
 1  16.8  25.2   16:55   9.3    5:20   3.4   1.9   0.0   1.4  19.3   16:05     S
 2  16.7  25.3   15:35   8.5    7:20   3.7   2.2   0.0   1.9  22.5   15:15     S
 3  14.0  20.0   16:20   7.4    4:35   4.4   0.2   0.0   2.1  24.1    9:00    SW
 4  10.2  16.0   17:15   4.7    7:20   8.1   0.0   0.0   1.4  17.7   17:35     S
 5   8.7  15.1   14:25   1.4    7:25   9.7   0.0   0.0   1.1  17.7   12:05    NE
 6   7.5  10.8   14:15   1.3   00:00  10.8   0.0   0.0   9.3  46.7   10:30     N
 7   4.3  10.1   16:20  -1.7    6:40  14.0   0.0   0.0   3.1  30.6   10:10   NNE
 8   7.7  14.4   16:30   0.3    6:25  10.7   0.0   0.0   1.8  20.9   17:15   NNE
 9   7.7  12.4   14:55   2.4    2:30  10.6   0.0   0.0   0.8  14.5   14:40    NE
10   9.1  12.6   13:30   6.3    5:40   9.2   0.0   1.0   0.5  11.3   17:25     S
11   8.3  10.4   16:50   6.5    6:45  10.0   0.0  13.5   0.5   9.7    3:10     N
12   9.2  12.7   16:50   7.9   13:20   9.1   0.0  15.0   5.1  38.6   22:35     N
13   9.7  13.4   14:20   5.3   23:40   8.6   0.0   0.0   8.9  38.6    0:45     N
14   6.8  13.1   17:30  -0.9    7:05  11.4   0.0   0.0   0.6  16.1   14:05     S
15   6.2   8.9   18:45   3.1   22:20  12.1   0.0   0.0   2.7  29.0    4:25     N
16   7.2  12.3   18:05   2.3    7:05  11.1   0.0   0.0   0.5  12.9   18:55    NE
17   8.1  15.4   17:00   0.8    6:05  10.2   0.0   0.0   0.8  17.7   15:10     S
18   8.2  13.9   16:30   3.3    4:05  10.1   0.0   0.0   0.8  17.7   14:35     S
19   9.2  17.1   17:35   1.7    6:25   9.1   0.0   0.0   0.8  17.7   17:05     S
20  10.8  18.7   16:35   2.6    7:05   7.5   0.0   0.0   1.4  24.1   18:05     S
21  10.7  17.6   14:45   5.4    6:55   7.6   0.0   0.0   1.8  19.3   13:35   NNE
22  11.8  19.1   16:45   4.1    6:15   6.5   0.1   0.0   1.3  14.5   13:20     S
23  13.1  20.6   16:55   5.6    5:55   5.5   0.3   0.0   1.1  17.7   14:10     S
24  14.9  21.6   17:05   8.8    2:05   4.0   0.6   0.0   1.3  19.3   14:20     S
25  15.5  23.2   17:30   7.8    6:50   3.9   1.1   0.0   1.6  17.7   11:35     S
26  13.0  17.4   14:00  10.1   00:00   5.3   0.0   0.5   0.6  16.1   15:50     S
27  11.2  13.6   17:30   9.2    6:40   7.1   0.0   0.5   0.3   9.7   14:00    NW
28  12.7  17.0   13:50  10.2    6:20   5.6   0.0   0.8   0.6  14.5   13:15    NE
29  12.2  13.6   11:10  11.3    5:45   6.1   0.0  21.8   0.2  11.3   22:05     N
30  13.1  16.3   17:35  11.3    6:05   5.2   0.0   2.5   0.3  12.9   14:25   NNE
-------------------------------------------------------------------------------------
    10.5  25.3     2    -1.7     7   240.7   6.3  55.6   1.8  46.7     6       N

Max >=  32.0:  0
Max <=   0.0:  0
Min <=   0.0:  2
Min <= -18.0:  0
Max Rain: 21.84 ON 29/04/21
Days of Rain: 8 (> .2 mm) 4 (> 2 mm) 1 (> 20 mm)
Heat Base:  18.3  Cool Base:  18.3  Method: Integration