NOAA-Style Climate Reports

Select a Year or Month report
2022: Gen Feb Mar Apr Mag Giu Lug Ago Set Ott Nov Dic
2021: Gen Feb Mar Apr Mag Giu Lug Ago Set Ott Nov Dic
2020: Gen Feb Mar Apr Mag Giu Lug Ago Set Ott Nov Dic
2019: Gen Feb Mar Apr Mag Giu Lug Ago Set Ott Nov Dic
2018: Gen Feb Mar Apr Mag Giu Lug Ago Set Ott Nov Dic
2017: Gen Feb Mar Apr Mag Giu Lug Ago Set Ott Nov Dic
2016: Gen Feb Mar Apr Mag Giu Lug Ago Set Ott Nov Dic
2015: Gen Feb Mar Apr Mag Giu Lug Ago Set Ott Nov Dic
2014: Gen Feb Mar Apr Mag Giu Lug Ago Set Ott Nov Dic
2013: Gen Feb Mar Apr Mag Giu Lug Ago Set Ott Nov Dic
2012: Gen Feb Mar Apr Mag Giu Lug Ago Set Ott Nov Dic

Report for 2021 Giugno
                   MONTHLY CLIMATOLOGICAL SUMMARY for JUN. 2021

NAME: MeteoMalnate   CITY: Malnate   STATE: Italy 
ELEV:   387 m  LAT:  45° 47' 24" N  LONG:   8° 54' 13" E

                   TEMPERATURE (°C), RAIN  (mm), WIND SPEED (km/hr)

                                      HEAT  COOL        AVG
    MEAN                              DEG   DEG         WIND                 DOM
DAY TEMP  HIGH   TIME   LOW    TIME   DAYS  DAYS  RAIN  SPEED HIGH   TIME    DIR
------------------------------------------------------------------------------------
 1  18.7  24.6   17:15  12.8    6:30   1.6   1.9   0.0   1.0  16.1   11:25     S
 2  18.8  23.1   13:30  15.4    6:15   0.7   1.2   0.0   0.8  14.5   14:35   WSW
 3  20.3  27.1   17:10  14.8    3:55   1.0   3.0   0.0   1.1  19.3   17:15   WSW
 4  21.3  28.4   18:10  14.5    2:15   0.9   3.9   0.0   0.8  20.9   17:50   WSW
 5  20.3  25.2   15:25  15.3    5:55   0.5   2.5   0.0   0.8  16.1   21:30   WSW
 6  19.8  27.5   16:55  11.5    6:25   1.8   3.3   0.3   1.1  14.5   13:15     N
 7  19.1  23.8   12:05  14.6    5:55   0.8   1.5   0.0   0.2  12.9   14:50     N
 8  19.3  24.1   12:40  15.7   23:25   0.5   1.5   9.4   0.5  16.1   12:40     N
 9  21.1  28.6   17:10  14.3    5:15   0.9   3.7   0.0   1.6  17.7   21:50   NNW
10  21.7  28.5   17:30  13.6    5:45   0.9   4.2   0.0   1.0  14.5   13:35   NNE
11  21.2  28.3   15:50  15.9    4:10   0.4   3.3   2.8   1.0  24.1   16:10   NNE
12  22.1  29.3   17:00  14.9    5:25   0.8   4.6   0.3   1.3  17.7   16:25   NNE
13  26.3  33.7   17:40  18.1    1:35   0.0   8.0   0.0   2.1  19.3    9:25   NNW
14  24.4  29.8   17:05  19.2    6:50   0.0   6.1   0.0   0.8  17.7   14:35   NNE
15  23.2  28.6   18:05  19.1   23:50   0.0   4.8   0.0   1.0  16.1   16:45   NNW
16  23.3  29.3   17:45  17.0    5:10   0.1   5.1   0.0   0.6  12.9   13:55     N
17  24.6  30.1   16:30  19.6    3:35   0.0   6.3   0.0   0.8  14.5   15:40    NE
18  24.3  30.4   16:45  18.9    5:25   0.0   6.0   0.0   1.3  17.7   16:00   WSW
19  23.6  30.1   16:15  16.7    4:15   0.2   5.5   0.0   0.8  17.7   13:05     S
20  22.0  28.9   15:15  18.3    3:45   0.0   3.7   5.8   0.8  20.9   16:50   NNW
21  22.7  28.5   15:25  18.7    6:05   0.0   4.4   0.0   1.0  25.7   18:20   NNW
22  21.4  28.7   16:15  16.7    4:00   0.2   3.3   3.8   0.8  12.9    9:35   NNW
23  21.5  27.6   14:35  15.8    6:00   0.3   3.5   0.0   0.8  14.5   23:55   NNW
24  21.2  28.2   14:00  15.9    6:00   0.3   3.1   0.0   1.9  30.6   19:05     N
25  21.2  28.4   18:05  13.4    6:25   1.0   4.0   0.0   1.6  16.1   13:25   WSW
26  21.9  28.2   14:45  14.1    5:10   0.8   4.5   0.0   1.0  14.5   12:45   WSW
27  23.3  29.7   15:45  16.9    2:45   0.2   5.2   0.0   0.6  11.3   15:35     N
28  25.2  31.8   16:00  18.4    1:10   0.0   6.9   0.3   0.8  14.5   17:25     N
29  22.6  27.8   13:00  18.8    4:05   0.0   4.2   0.0   1.4  19.3   14:35   NNW
30  21.8  28.4   17:30  16.4    5:10   0.3   3.8   0.5   1.4  16.1   14:05    NE
-------------------------------------------------------------------------------------
    21.9  33.7    13    11.5     6    14.2 123.1  23.1   1.0  30.6    24     NNW

Max >=  32.0:  1
Max <=   0.0:  0
Min <=   0.0:  0
Min <= -18.0:  0
Max Rain: 9.40 ON 08/06/21
Days of Rain: 8 (> .2 mm) 4 (> 2 mm) 0 (> 20 mm)
Heat Base:  18.3  Cool Base:  18.3  Method: Integration