NOAA-Style Climate Reports

Select a Year or Month report
2022: Gen Feb Mar Apr Mag Giu Lug Ago Set Ott Nov Dic
2021: Gen Feb Mar Apr Mag Giu Lug Ago Set Ott Nov Dic
2020: Gen Feb Mar Apr Mag Giu Lug Ago Set Ott Nov Dic
2019: Gen Feb Mar Apr Mag Giu Lug Ago Set Ott Nov Dic
2018: Gen Feb Mar Apr Mag Giu Lug Ago Set Ott Nov Dic
2017: Gen Feb Mar Apr Mag Giu Lug Ago Set Ott Nov Dic
2016: Gen Feb Mar Apr Mag Giu Lug Ago Set Ott Nov Dic
2015: Gen Feb Mar Apr Mag Giu Lug Ago Set Ott Nov Dic
2014: Gen Feb Mar Apr Mag Giu Lug Ago Set Ott Nov Dic
2013: Gen Feb Mar Apr Mag Giu Lug Ago Set Ott Nov Dic
2012: Gen Feb Mar Apr Mag Giu Lug Ago Set Ott Nov Dic

Report for 2021 Settembre
                   MONTHLY CLIMATOLOGICAL SUMMARY for SEP. 2021

NAME: MeteoMalnate   CITY: Malnate   STATE: Italy 
ELEV:   387 m  LAT:  45° 47' 24" N  LONG:   8° 54' 13" E

                   TEMPERATURE (°C), RAIN  (mm), WIND SPEED (km/hr)

                                      HEAT  COOL        AVG
    MEAN                              DEG   DEG         WIND                 DOM
DAY TEMP  HIGH   TIME   LOW    TIME   DAYS  DAYS  RAIN  SPEED HIGH   TIME    DIR
------------------------------------------------------------------------------------
 1  19.4  27.1   16:40  12.8    6:55   1.6   2.7   0.0   0.3  12.9   13:00   NNE
 2  19.9  26.3   16:10  14.8    6:55   1.1   2.7   0.0   0.5  12.9   13:45   NNE
 3  19.3  26.2   17:20  14.1    6:15   1.3   2.3   0.0   0.3  11.3   13:40   WSW
 4  20.1  26.6   16:15  15.2    2:20   0.8   2.6   0.0   0.0   1.6   11:40    SW
 5  20.4  26.9   15:50  15.7    6:55   0.7   2.8   0.0   0.2  12.9   14:55     S
 6  20.4  26.8   17:00  16.1    7:55   0.6   2.8   2.3   0.2  11.3    2:00   NNE
 7  20.8  27.0   15:50  15.8   00:00   0.4   2.9   0.0   0.2  11.3   14:40    SW
 8  19.3  24.1   14:25  15.1    1:25   1.0   2.0   0.0   0.0   1.6   10:10     N
 9  19.4  25.4   15:20  15.4   00:00   0.8   2.0   0.0   0.0   0.0     ---   ---
10  18.9  23.7   15:55  15.4    0:05   0.8   1.5   0.0   0.0   0.0     ---   ---
11  20.7  27.2   16:15  16.6   00:00   0.3   2.7   0.0   0.2  11.3   15:20     N
12  20.2  27.7   16:15  14.8    7:15   1.0   3.0   0.0   0.0   3.2   12:30    NE
13  20.2  28.1   15:35  14.4    6:55   1.1   3.1   0.0   0.0   3.2   12:40   NNE
14  19.9  25.1   14:50  15.8    3:10   0.7   2.3   0.0   0.0   3.2   11:25    NE
15  19.7  23.3   15:35  16.7    2:05   0.3   1.6   1.5   0.0   3.2   12:05   NNE
16  19.9  23.1   14:35  17.2   00:00   0.0   1.6  13.5   0.0   3.2   20:45     N
17  19.3  26.1   16:35  14.9    7:20   1.1   2.1   0.3   0.3  11.3   12:40     W
18  19.4  24.6   17:20  17.1    1:55   0.3   1.5  26.7   0.0   4.8    0:40   SSW
19  15.4  18.8    0:05  11.5   00:00   2.8   0.0  99.6   1.4  20.9   11:20     N
20  14.9  19.6   15:45   9.7    7:20   3.6   0.2   0.0   0.0   6.4    3:00   NNE
21  16.2  22.2   17:10  11.8    5:25   2.9   0.8   0.0   0.0   0.0     ---   ---
22  15.8  21.9   15:00  11.8    2:05   3.1   0.6   0.0   0.0   0.0     ---   ---
23  16.7  22.1   16:25  12.7    2:20   2.3   0.6   0.0   0.0   0.0     ---   ---
24  16.8  24.0   16:40  11.4    5:35   2.8   1.3   0.0   0.0   0.0     ---   ---
25  18.2  22.3   13:25  14.0    2:25   1.1   1.1   0.0   0.0   8.0   14:15   WSW
26  18.1  19.8   12:10  15.7   23:55   0.5   0.2  11.2   0.0  11.3   15:25   NNW
27  17.4  22.2   14:45  14.3    2:00   1.8   0.9   0.0   0.5  12.9   15:30   WSW
28  17.9  24.4   15:20  12.4    7:30   1.8   1.4   0.3   0.0   1.6    0:35     N
29  18.4  23.9   16:20  14.9    8:00   1.1   1.2  24.6   0.3  17.7    2:15   NNW
30  16.7  22.3   15:05  11.4    6:45   2.3   0.7   0.0   0.6  17.7    1:45     N
-------------------------------------------------------------------------------------
    18.7  28.1    13     9.7    20    40.1  51.1 179.8   0.2  20.9    19     NNE

Max >=  32.0:  0
Max <=   0.0:  0
Min <=   0.0:  0
Min <= -18.0:  0
Max Rain: 99.57 ON 19/09/21
Days of Rain: 9 (> .2 mm) 6 (> 2 mm) 3 (> 20 mm)
Heat Base:  18.3  Cool Base:  18.3  Method: Integration