NOAA-Style Climate Reports

Select a Year or Month report
2022: Gen Feb Mar Apr Mag Giu Lug Ago Set Ott Nov Dic
2021: Gen Feb Mar Apr Mag Giu Lug Ago Set Ott Nov Dic
2020: Gen Feb Mar Apr Mag Giu Lug Ago Set Ott Nov Dic
2019: Gen Feb Mar Apr Mag Giu Lug Ago Set Ott Nov Dic
2018: Gen Feb Mar Apr Mag Giu Lug Ago Set Ott Nov Dic
2017: Gen Feb Mar Apr Mag Giu Lug Ago Set Ott Nov Dic
2016: Gen Feb Mar Apr Mag Giu Lug Ago Set Ott Nov Dic
2015: Gen Feb Mar Apr Mag Giu Lug Ago Set Ott Nov Dic
2014: Gen Feb Mar Apr Mag Giu Lug Ago Set Ott Nov Dic
2013: Gen Feb Mar Apr Mag Giu Lug Ago Set Ott Nov Dic
2012: Gen Feb Mar Apr Mag Giu Lug Ago Set Ott Nov Dic

Report for 2021 Dicembre
                   MONTHLY CLIMATOLOGICAL SUMMARY for NOV. 2021

NAME: MeteoMalnate   CITY: Malnate   STATE: Italy 
ELEV:   387 m  LAT:  45° 47' 24" N  LONG:   8° 54' 13" E

                   TEMPERATURE (°C), RAIN  (mm), WIND SPEED (km/hr)

                                      HEAT  COOL        AVG
    MEAN                              DEG   DEG         WIND                 DOM
DAY TEMP  HIGH   TIME   LOW    TIME   DAYS  DAYS  RAIN  SPEED HIGH   TIME    DIR
------------------------------------------------------------------------------------
 1   9.3  10.4   12:45   5.4   00:00   9.0   0.0  32.3   0.5  20.9   15:10   NNE
 2   8.6  16.7   13:15   3.2    7:00   9.7   0.0   0.3   0.2   8.0   13:15   ENE
 3   9.3  11.2   11:15   7.7    0:35   9.0   0.0  35.3   1.4  20.9   23:05     N
 4   8.2  14.7   14:50   2.4   00:00  10.1   0.0   6.6   1.4  20.9    1:00   NNW
 5   6.2  15.0   14:40   1.0    7:25  12.2   0.0   0.0   0.5  11.3    1:30   NNE
 6   5.8  14.3   14:45   0.9    5:55  12.5   0.0   0.0   0.5   9.7   14:00   ESE
 7   5.8  14.5   14:15   0.9    5:15  12.5   0.0   0.0   0.5  11.3   14:25   WSW
 8   5.6  11.8   11:35   1.1    5:40  12.7   0.0   0.0   0.3  16.1   12:05   NNE
 9   7.9  12.8   12:20   3.0    7:05  10.3   0.0   0.0   0.3  14.5   13:15   NNE
10  10.7  14.9   12:00   8.3    6:00   7.6   0.0   0.0   0.2   8.0   12:40    NE
11  11.7  16.4   14:40   8.1   23:05   6.6   0.0   0.5   0.2   6.4   12:15   NNE
12  10.1  17.6   14:25   6.3    7:30   8.2   0.0   0.0   0.2   9.7   14:50   WNW
13  10.0  13.4   14:45   6.6    0:25   8.3   0.0   8.1   0.0   4.8    7:35     W
14   9.3  10.2    0:05   8.8   18:05   8.9   0.0  20.6   0.5  11.3   19:00   NNE
15   9.6  10.7   14:30   8.3    3:05   8.8   0.0   3.8   0.2  11.3    0:40     N
16   9.4  12.7   13:35   7.0    1:50   8.9   0.0   2.0   0.2   8.0    8:30     N
17   9.6  11.3   14:25   8.2    2:50   8.7   0.0   2.0   0.0   6.4   14:55     N
18   9.9  15.7   13:00   6.2    3:40   8.4   0.0   0.3   0.3  11.3   13:10     N
19   8.8  11.2   14:30   5.7   20:40   9.5   0.0   0.0   0.2   9.7   15:35   SSW
20   6.4  12.3   14:25   2.7   22:45  11.8   0.0   0.3   0.3   9.7   14:45    NE
21   6.3  12.8   12:55   0.8    6:45  11.9   0.0   1.3   0.5  11.3   13:00   WSW
22   8.2  10.2   14:40   6.7    5:35  10.1   0.0  11.7   0.0   3.2   13:15     S
23   8.6  11.6   14:15   5.1   00:00   9.7   0.0   5.8   0.2   8.0    6:40   WNW
24   6.0  11.8   14:05   2.6    6:25  12.3   0.0   0.0   0.3   9.7   13:00   SSW
25   6.1   7.2   15:45   4.9    1:40  12.2   0.0   7.9   0.0   6.4   11:45    NW
26   6.7   9.8   11:55   5.2   20:10  11.6   0.0   0.5   0.5  12.9   13:30    NW
27   6.4   9.9   14:20   4.6   19:40  11.9   0.0  10.2   0.2   8.0   14:45     E
28   3.5   7.0   12:55  -0.6   23:55  14.8   0.0   9.7   2.1  24.1    4:40   WNW
29   4.1   8.8   13:50  -1.1    1:50  14.2   0.0   0.0   2.9  22.5   13:35     N
30   2.6   9.6   14:20  -2.1    7:30  15.7   0.0   0.0   0.8  16.1   13:20   NNW
-------------------------------------------------------------------------------------
     7.7  17.6    12    -2.1    30   318.2   0.0 159.0   0.5  24.1    28     NNE

Max >=  32.0:  0
Max <=   0.0:  0
Min <=   0.0:  3
Min <= -18.0:  0
Max Rain: 35.31 ON 03/11/21
Days of Rain: 19 (> .2 mm) 13 (> 2 mm) 3 (> 20 mm)
Heat Base:  18.3  Cool Base:  18.3  Method: Integration