NOAA-Style Climate Reports

Select a Year or Month report
2022: Gen Feb Mar Apr Mag Giu Lug Ago Set Ott Nov Dic
2021: Gen Feb Mar Apr Mag Giu Lug Ago Set Ott Nov Dic
2020: Gen Feb Mar Apr Mag Giu Lug Ago Set Ott Nov Dic
2019: Gen Feb Mar Apr Mag Giu Lug Ago Set Ott Nov Dic
2018: Gen Feb Mar Apr Mag Giu Lug Ago Set Ott Nov Dic
2017: Gen Feb Mar Apr Mag Giu Lug Ago Set Ott Nov Dic
2016: Gen Feb Mar Apr Mag Giu Lug Ago Set Ott Nov Dic
2015: Gen Feb Mar Apr Mag Giu Lug Ago Set Ott Nov Dic
2014: Gen Feb Mar Apr Mag Giu Lug Ago Set Ott Nov Dic
2013: Gen Feb Mar Apr Mag Giu Lug Ago Set Ott Nov Dic
2012: Gen Feb Mar Apr Mag Giu Lug Ago Set Ott Nov Dic

Report for 2022 Giugno
                   MONTHLY CLIMATOLOGICAL SUMMARY for JUN. 2022

NAME: MeteoMalnate   CITY: Malnate   STATE: Italy 
ELEV:   380 m  LAT: 45°47'23.4"N  LONG: 8°54'13.2"E

                   TEMPERATURE (°C), RAIN  (mm), WIND SPEED (km/hr)

                                      HEAT  COOL        AVG
    MEAN                              DEG   DEG         WIND                 DOM
DAY TEMP  HIGH   TIME   LOW    TIME   DAYS  DAYS  RAIN  SPEED HIGH   TIME    DIR
------------------------------------------------------------------------------------
 1  19.6  24.4   15:35  14.2    5:30   1.0   2.2   0.0   0.8  12.9   12:10     N
 2  21.9  28.2   17:05  15.4    4:05   0.4   4.0   0.0   0.8  12.9   13:35    NW
 3  19.6  22.9   10:40  16.5   23:45   0.1   1.4   8.1   0.5  11.3   15:40    NW
 4  22.0  29.1   17:15  16.1    6:30   0.5   4.2   0.0   0.8  11.3    2:50    NE
 5  21.3  28.1   14:45  15.4   00:00   0.2   3.2   3.3   1.0  35.4   15:45     N
 6  21.4  29.8   16:30  13.3    5:40   1.2   4.3   0.0   0.5  12.9   17:10   NNE
 7  20.8  26.2   18:25  15.9   00:00   0.1   2.7  16.0   0.8  22.5   10:25    NW
 8  18.4  25.6   13:51  11.8    5:41   1.8   1.9   1.5   0.5  17.7   19:05    NW
 9  19.9  25.6   16:20  12.7    6:15   1.3   2.9   0.0   4.2  32.2   17:20    NE
10  22.7  29.5   17:30  14.9   00:00   0.2   4.5   0.0   3.7  30.6    0:25     N
11  21.9  30.7   17:40  13.1    6:20   1.2   4.8   0.0   0.8  14.5   14:30   ENE
12  23.3  31.2   16:55  15.8    6:20   0.4   5.5   0.0   0.8  14.5   14:40   ENE
13  24.4  31.8   18:40  16.9    6:05   0.1   6.2   0.0   0.6  12.9   16:00   NNE
14  23.4  30.1   17:10  16.5    4:00   0.3   5.4   0.0   0.6  14.5   16:00   NNE
15  24.1  29.1   16:45  18.2    5:40   0.0   5.7   0.0   0.6  14.5   13:55   NNE
16  25.0  32.5   16:30  17.9    6:45   0.0   6.7   0.3   0.6  14.5   14:25   NNE
17  25.3  33.0   17:30  18.1    6:30   0.0   7.0   0.0   0.5  11.3   13:55    NW
18  25.0  31.8   16:40  18.3    5:35   0.0   6.7   0.0   0.6  11.3   13:45    NW
19  25.4  33.1   18:00  17.8    5:50   0.0   7.1   0.0   0.5  14.5   14:45   NNW
20  26.2  32.4   16:30  19.1    6:25   0.0   7.9   0.0   1.0  14.5   14:25   SSE
21  24.4  30.3   16:50  18.5    5:55   0.0   6.1   0.0   1.0  17.7   15:05   SSE
22  21.8  24.3   14:35  19.8   23:45   0.0   3.5   1.3   0.5  12.9   11:20    NE
23  22.5  28.3   13:45  18.1    6:20   0.0   4.2   7.4   1.1  17.7   15:00    NE
24  21.1  26.9   13:00  16.9   00:00   0.1   2.9   2.5   1.0  22.5   14:30   NNW
25  21.4  28.6   16:45  15.1    3:40   0.7   3.9   0.0   0.6  14.5   13:30   ENE
26  23.3  31.2   16:30  16.0    3:50   0.4   5.4   3.6   0.6  12.9   13:00    NW
27  25.2  31.9   17:45  19.7    6:10   0.0   6.9   0.0   0.5  17.7   15:25   NNE
28  22.8  26.6    9:35  20.9   13:35   0.0   4.5   2.0   1.3  19.3   16:30   NNE
29  24.1  30.8   17:05  17.3    5:20   0.1   5.9   0.0   1.3  16.1   17:15   WSW
30  23.8  29.8   14:05  17.7    6:05   0.0   5.6   0.0   0.6  12.9   13:40     S
-------------------------------------------------------------------------------------
    22.7  33.1    19    11.8     8    10.2 143.3  46.0   1.0  35.4     5     NNE

Max >=  32.0:  4
Max <=   0.0:  0
Min <=   0.0:  0
Min <= -18.0:  0
Max Rain: 16.00 ON 07/06/22
Days of Rain: 10 (> .2 mm) 7 (> 2 mm) 0 (> 20 mm)
Heat Base:  18.3  Cool Base:  18.3  Method: Integration