NOAA-Style Climate Reports

Select a Year or Month report
2022: Gen Feb Mar Apr Mag Giu Lug Ago Set Ott Nov Dic
2021: Gen Feb Mar Apr Mag Giu Lug Ago Set Ott Nov Dic
2020: Gen Feb Mar Apr Mag Giu Lug Ago Set Ott Nov Dic
2019: Gen Feb Mar Apr Mag Giu Lug Ago Set Ott Nov Dic
2018: Gen Feb Mar Apr Mag Giu Lug Ago Set Ott Nov Dic
2017: Gen Feb Mar Apr Mag Giu Lug Ago Set Ott Nov Dic
2016: Gen Feb Mar Apr Mag Giu Lug Ago Set Ott Nov Dic
2015: Gen Feb Mar Apr Mag Giu Lug Ago Set Ott Nov Dic
2014: Gen Feb Mar Apr Mag Giu Lug Ago Set Ott Nov Dic
2013: Gen Feb Mar Apr Mag Giu Lug Ago Set Ott Nov Dic
2012: Gen Feb Mar Apr Mag Giu Lug Ago Set Ott Nov Dic

Report for 2022 Luglio
                   MONTHLY CLIMATOLOGICAL SUMMARY for JUL. 2022

NAME: MeteoMalnate   CITY: Malnate   STATE: Italy 
ELEV:   380 m  LAT: 45°47'23.4"N  LONG: 8°54'13.2"E

                   TEMPERATURE (°C), RAIN  (mm), WIND SPEED (km/hr)

                                      HEAT  COOL        AVG
    MEAN                              DEG   DEG         WIND                 DOM
DAY TEMP  HIGH   TIME   LOW    TIME   DAYS  DAYS  RAIN  SPEED HIGH   TIME    DIR
------------------------------------------------------------------------------------
 1  23.5  29.0   17:35  18.2    4:05   0.0   5.2   0.5   1.6  20.9    2:25   NNE
 2  25.0  32.1   18:35  19.0    1:05   0.0   6.7   0.0   0.2  17.7   17:00   SSW
 3  26.8  34.2   16:25  20.0    2:35   0.0   8.5   0.0   1.0  16.1   14:10    NE
 4  22.6  29.2   14:40  18.7   00:00   0.0   4.3   2.0   2.6  32.2    0:45   NNW
 5  25.7  33.2   16:55  17.2    6:45   0.1   7.5   0.0   1.6  17.7   14:55   NNE
 6  25.4  31.9   17:45  17.8    5:40   0.0   7.1   0.0   1.0  14.5   17:10   NNW
 7  25.5  30.6   16:10  19.3    5:40   0.0   7.2   0.0   2.1  29.0   22:55   NNW
 8  24.4  32.0   17:50  15.4    6:00   0.3   6.5   0.0   1.6  20.9   11:40   NNE
 9  23.0  30.7   16:20  14.2    5:55   0.7   5.4   0.0   0.8  14.5   14:10   NNE
10  23.7  32.2   18:35  14.3    6:20   0.6   6.0   0.0   1.1  19.3   14:00     N
11  24.3  31.4   17:20  16.0    6:35   0.2   6.2   0.0   0.8  14.5   14:00    NW
12  24.9  31.1   17:45  18.9    4:25   0.0   6.6   0.0   0.8  17.7   14:05    NW
13  24.9  31.5   18:10  17.8    6:30   0.0   6.6   0.0   1.0  12.9   14:30     N
14  25.3  33.2   17:55  18.8    6:10   0.0   7.0   0.0   0.6  14.5   17:15    SW
15  27.3  35.4   15:30  19.4    6:05   0.0   9.0   0.0   1.1  16.1   15:55   WSW
16  26.6  34.4   17:30  18.9    5:45   0.0   8.2   0.0   1.0  12.9   13:10   NNW
17  26.8  34.2   18:05  20.6    4:35   0.0   8.6   0.0   0.8  14.5   17:15   NNW
18  27.1  33.8   17:40  20.8    4:25   0.0   8.8   0.0   0.8  16.1   14:35     S
19  26.9  33.8   18:10  20.5    5:25   0.0   8.6   0.0   0.6  16.1   15:00   SSE
20  27.1  35.3   17:05  19.2    5:10   0.0   8.8   0.0   1.0  16.1   15:30   SSE
21  28.2  36.1   16:40  21.5    6:00   0.0   9.9   0.0   0.8  14.5   16:40   NNE
22  28.1  36.3   18:05  21.3    6:15   0.0   9.8   0.0   0.8  17.7   17:10    SE
23  26.9  33.4   16:20  20.3    6:25   0.0   8.6   0.0   1.0  24.1    3:05     N
24  26.9  34.8   16:40  20.6    4:50   0.0   8.6   0.0   0.8  16.1   14:55    NW
25  27.9  35.9   17:10  21.8    6:15   0.0   9.6   3.0   1.1  22.5   22:50   WSW
26  26.2  34.1   15:45  19.6    6:40   0.0   7.9   0.3   0.8  17.7   21:35   NNE
27  25.0  31.3   15:30  18.7    6:30   0.0   6.7   0.0   1.0  16.1   15:40    NE
28  24.5  31.8   15:30  19.4   23:10   0.0   6.2   0.5   1.0  24.1   20:40   NNE
29  22.1  29.2   14:00  17.2   00:00   0.0   3.8   0.8   1.0  20.9   17:50   NNE
30  24.1  31.7   15:50  14.9    6:20   0.8   6.6   0.3   2.3  27.4   14:55     N
31  26.1  33.4   15:30  16.6    6:25   0.1   7.9   0.0   1.6  20.9   16:40     S
-------------------------------------------------------------------------------------
    25.6  36.3    22    14.2     9     2.8 228.4   7.4   1.1  32.2     4     NNE

Max >=  32.0: 19
Max <=   0.0:  0
Min <=   0.0:  0
Min <= -18.0:  0
Max Rain: 3.05 ON 25/07/22
Days of Rain: 7 (> .2 mm) 2 (> 2 mm) 0 (> 20 mm)
Heat Base:  18.3  Cool Base:  18.3  Method: Integration