NOAA-Style Climate Reports

Select a Year or Month report
2022: Gen Feb Mar Apr Mag Giu Lug Ago Set Ott Nov Dic
2021: Gen Feb Mar Apr Mag Giu Lug Ago Set Ott Nov Dic
2020: Gen Feb Mar Apr Mag Giu Lug Ago Set Ott Nov Dic
2019: Gen Feb Mar Apr Mag Giu Lug Ago Set Ott Nov Dic
2018: Gen Feb Mar Apr Mag Giu Lug Ago Set Ott Nov Dic
2017: Gen Feb Mar Apr Mag Giu Lug Ago Set Ott Nov Dic
2016: Gen Feb Mar Apr Mag Giu Lug Ago Set Ott Nov Dic
2015: Gen Feb Mar Apr Mag Giu Lug Ago Set Ott Nov Dic
2014: Gen Feb Mar Apr Mag Giu Lug Ago Set Ott Nov Dic
2013: Gen Feb Mar Apr Mag Giu Lug Ago Set Ott Nov Dic
2012: Gen Feb Mar Apr Mag Giu Lug Ago Set Ott Nov Dic

Report for 2015 Luglio
                   MONTHLY CLIMATOLOGICAL SUMMARY for JUL. 2015

NAME: Meteozippo   CITY: Malnate   STATE: Italy 
ELEV:   387 m  LAT:  45° 47' 24" N  LONG:   8° 54' 13" E

                   TEMPERATURE (°C), RAIN  (mm), WIND SPEED (km/hr)

                                      HEAT  COOL        AVG
    MEAN                              DEG   DEG         WIND                 DOM
DAY TEMP  HIGH   TIME   LOW    TIME   DAYS  DAYS  RAIN  SPEED HIGH   TIME    DIR
------------------------------------------------------------------------------------
 1  25.1  30.6   18:10  19.8    2:40   0.0   6.7   0.0   1.1  11.3   11:30     N
 2  25.7  31.6   15:55  19.2    6:15   0.0   7.4   2.0   1.3  14.5   14:25    SW
 3  26.0  32.4   17:25  20.7    4:45   0.0   7.7   0.8   1.4  19.3   23:10   NNW
 4  26.2  32.6   17:30  19.3    5:25   0.0   7.9   0.3   2.1  25.7    1:20   NNW
 5  27.1  32.9   16:15  21.1    6:20   0.0   8.8   0.0   1.0  14.5   16:20   NNW
 6  27.9  33.6   16:50  21.4    6:15   0.0   9.6   0.0   1.8  16.1    1:00   NNW
 7  28.5  33.6   16:20  24.2    5:55   0.0  10.2   0.0   1.0  12.9   13:30   NNE
 8  25.9  30.6   18:00  22.5    4:05   0.0   7.6   0.0   1.0  14.5   22:15     S
 9  25.8  31.0   17:30  18.6   00:00   0.0   7.5   0.0   3.1  25.7    3:40   NNW
10  22.7  29.5   17:45  14.9    5:35   0.6   5.0   0.0   1.8  12.9   11:20   NNW
11  23.9  30.4   17:30  16.8    6:00   0.2   5.8   0.0   1.6  16.1   14:00    SW
12  25.3  31.7   17:50  18.7    5:10   0.0   7.0   0.0   1.0  11.3   10:55    NW
13  25.8  32.9   15:20  19.2    5:55   0.0   7.5   0.0   1.0  14.5   16:10   SSW
14  26.5  33.1   16:45  19.2    6:35   0.0   8.2   0.0   1.6  12.9   13:10    SW
15  26.6  32.8   17:45  20.6    5:35   0.0   8.3   0.0   1.1  12.9   11:50   SSE
16  27.4  33.0   16:05  23.1    6:25   0.0   9.2   0.0   1.0  12.9   13:55     N
17  27.6  34.0   17:00  21.0    6:20   0.0   9.3   0.0   1.6  14.5   15:00   NNE
18  26.8  34.1   16:35  18.7    6:30   0.0   8.5   0.0   1.6  16.1   14:30   NNW
19  26.7  33.3   16:25  19.5    5:20   0.0   8.4   0.0   1.4  14.5   13:10   NNW
20  26.6  34.1   17:30  19.2    6:00   0.0   8.3   0.0   1.0  12.9   11:25   ESE
21  28.0  34.8   17:45  21.7    4:50   0.0   9.7   0.0   1.6  14.5   13:05   SSE
22  27.9  35.3   14:45  21.7    1:50   0.0   9.6   0.0   1.4  16.1   15:15   NNW
23  27.2  34.1   16:55  20.4    6:25   0.0   8.9   0.0   1.1  14.5   14:10    SW
24  24.9  32.5   17:45  19.1   00:00   0.0   6.6  19.8   2.1  30.6   18:45   NNW
25  23.8  30.3   18:10  18.4    4:10   0.0   5.5  14.2   2.4  30.6   00:00   NNW
26  24.1  28.0   15:10  19.9    6:50   0.0   5.8   0.0   3.9  33.8    5:00   NNW
27  24.6  31.1   17:20  19.2    6:50   0.0   6.3   0.0   1.6  14.5   16:35   NNW
28  23.9  29.6   18:15  18.7    4:30   0.0   5.6   0.0   1.4  14.5   23:10    NW
29  22.2  28.6   14:20  19.0   00:00   0.0   3.9  22.6   1.8  37.0   15:00   NNW
30  21.8  28.7   15:55  16.9    3:25   0.2   3.7   0.5   1.3  14.5   15:25   NNW
31  20.2  25.5   16:40  16.6    2:05   0.3   2.1   2.0   1.3  29.0    1:10    NW
-------------------------------------------------------------------------------------
    25.6  35.3    22    14.9    10     1.2 226.7  62.2   1.6  37.0    29     NNW

Max >=  32.0: 17
Max <=   0.0:  0
Min <=   0.0:  0
Min <= -18.0:  0
Max Rain: 22.61 ON 29/07/15
Days of Rain: 8 (> .2 mm) 5 (> 2 mm) 1 (> 20 mm)
Heat Base:  18.3  Cool Base:  18.3  Method: Integration