NOAA-Style Climate Reports

Select a Year or Month report
2024: Gen Feb Mar Apr Mag Giu Lug Ago Set Ott Nov Dic
2023: Gen Feb Mar Apr Mag Giu Lug Ago Set Ott Nov Dic
2022: Gen Feb Mar Apr Mag Giu Lug Ago Set Ott Nov Dic
2021: Gen Feb Mar Apr Mag Giu Lug Ago Set Ott Nov Dic
2020: Gen Feb Mar Apr Mag Giu Lug Ago Set Ott Nov Dic
2019: Gen Feb Mar Apr Mag Giu Lug Ago Set Ott Nov Dic
2018: Gen Feb Mar Apr Mag Giu Lug Ago Set Ott Nov Dic
2017: Gen Feb Mar Apr Mag Giu Lug Ago Set Ott Nov Dic
2016: Gen Feb Mar Apr Mag Giu Lug Ago Set Ott Nov Dic
2015: Gen Feb Mar Apr Mag Giu Lug Ago Set Ott Nov Dic
2014: Gen Feb Mar Apr Mag Giu Lug Ago Set Ott Nov Dic
2013: Gen Feb Mar Apr Mag Giu Lug Ago Set Ott Nov Dic
2012: Gen Feb Mar Apr Mag Giu Lug Ago Set Ott Nov Dic

Report for 2024 Giugnio
                   MONTHLY CLIMATOLOGICAL SUMMARY for JUN. 2024

NAME: MeteoMalnate   CITY: Malnate   STATE: Italy 
ELEV:   387 m  LAT:  45° 47' 24" N  LONG:   8° 54' 13" E

                   TEMPERATURE (°C), RAIN  (mm), WIND SPEED (km/hr)

                                      HEAT  COOL        AVG
    MEAN                              DEG   DEG         WIND                 DOM
DAY TEMP  HIGH   TIME   LOW    TIME   DAYS  DAYS  RAIN  SPEED HIGH   TIME    DIR
------------------------------------------------------------------------------------
 1  18.7  25.3   18:15  11.2    1:35   1.9   2.3   0.0   2.1  16.1   17:40     W
 2  16.7  25.1   15:25  11.4    6:00   2.7   1.1   3.6   1.1  22.5   17:05     N
 3  17.2  23.4   19:30  13.3    3:10   2.3   1.2   0.3   1.1  14.5   14:55     S
 4  18.3  23.9   18:25  12.2    5:25   1.8   1.8   0.0   1.4  17.7   15:10     S
 5  19.8  26.1   16:05  14.1    5:00   1.2   2.6   0.0   1.3  16.1   13:00     S
 6  20.3  27.5   16:15  13.9    5:35   1.1   3.2   0.0   1.3  14.5   13:25     S
 7  20.9  26.1   18:40  15.6    4:15   0.7   3.3   0.0   0.8  11.3   13:50     S
 8  21.7  26.3   15:20  16.9    4:45   0.1   3.5   0.0   0.8  11.3   12:20     S
 9  20.5  26.4   15:20  16.4   23:40   0.2   2.4   1.8   0.8  22.5   21:30     N
10  21.1  27.2   16:45  14.9    5:45   0.7   3.5   0.0   2.3  17.7   14:25     S
11  18.3  25.6   14:50  14.7   19:25   1.5   1.5  47.2   1.4  17.7   12:20     N
12  16.7  22.7   14:20  12.9    5:40   2.5   0.8  14.7   1.1  17.7   15:50     N
13  16.7  23.2   18:45  11.1    4:35   2.8   1.2   0.3   1.4  16.1   16:15   WSW
14  16.9  20.8   14:10  13.6    3:35   1.8   0.3   0.0   0.6   9.7   11:25     N
15  16.9  20.4   18:25  15.8    3:00   1.5   0.1  15.7   1.0  12.9   15:45     N
16  19.5  25.7   18:05  15.4    5:05   1.0   2.2   0.0   1.3  17.7   11:10     S
17  20.6  27.4   18:20  14.6    2:50   1.1   3.4   0.0   1.0  11.3   12:35   SSW
18  22.1  28.2   15:25  15.7    3:20   0.5   4.3   0.0   0.8  14.5   14:25    NE
19  23.6  29.7   16:10  18.6    6:15   0.0   5.3   0.0   0.8  12.9   17:45     N
20  21.6  24.2   15:00  19.8    0:05   0.0   2.1   1.5   1.0  12.9   11:45    NE
21
22
23
24
25
26
27
28
29
30
-------------------------------------------------------------------------------------
    19.4  29.7    19    11.1    13    25.4  46.2  85.1   1.2  22.5     2       N

Max >=  32.0:  0
Max <=   0.0:  0
Min <=   0.0:  0
Min <= -18.0:  0
Max Rain: 47.24 ON 11/06/24
Days of Rain: 8 (> .2 mm) 4 (> 2 mm) 1 (> 20 mm)
Heat Base:  18.3  Cool Base:  18.3  Method: Integration