NOAA-Style Climate Reports

Select a Year or Month report
2022: Gen Feb Mar Apr Mag Giu Lug Ago Set Ott Nov Dic
2021: Gen Feb Mar Apr Mag Giu Lug Ago Set Ott Nov Dic
2020: Gen Feb Mar Apr Mag Giu Lug Ago Set Ott Nov Dic
2019: Gen Feb Mar Apr Mag Giu Lug Ago Set Ott Nov Dic
2018: Gen Feb Mar Apr Mag Giu Lug Ago Set Ott Nov Dic
2017: Gen Feb Mar Apr Mag Giu Lug Ago Set Ott Nov Dic
2016: Gen Feb Mar Apr Mag Giu Lug Ago Set Ott Nov Dic
2015: Gen Feb Mar Apr Mag Giu Lug Ago Set Ott Nov Dic
2014: Gen Feb Mar Apr Mag Giu Lug Ago Set Ott Nov Dic
2013: Gen Feb Mar Apr Mag Giu Lug Ago Set Ott Nov Dic
2012: Gen Feb Mar Apr Mag Giu Lug Ago Set Ott Nov Dic

Report for 2022 Settembre
                   MONTHLY CLIMATOLOGICAL SUMMARY for SEP. 2022

NAME: MeteoMalnate   CITY: Malnate   STATE: Italy 
ELEV:   380 m  LAT: 45°47'23.4"N  LONG: 8°54'13.2"E

                   TEMPERATURE (°C), RAIN  (mm), WIND SPEED (km/hr)

                                      HEAT  COOL        AVG
    MEAN                              DEG   DEG         WIND                 DOM
DAY TEMP  HIGH   TIME   LOW    TIME   DAYS  DAYS  RAIN  SPEED HIGH   TIME    DIR
------------------------------------------------------------------------------------
 1  21.4  26.8   16:30  17.6    7:20   0.0   3.1   4.6   0.6  14.5   11:15     S
 2  20.4  26.2   16:25  16.3    6:50   0.3   2.4   3.3   0.5  11.3   15:00   WSW
 3  19.8  24.2   16:00  17.3    7:35   0.1   1.7   1.0   0.2   8.0   13:00   WNW
 4  21.1  27.4   17:15  16.0    4:05   0.5   3.2   0.0   0.5  14.5   13:45    SW
 5  22.1  28.5   17:30  18.3    5:45   0.0   3.8   0.0   0.2   8.0   12:35   NNE
 6  23.0  29.5   16:20  18.9    5:50   0.0   4.7   1.8   0.6  17.7   21:45    SW
 7  21.6  26.1   16:25  18.5    7:05   0.0   3.3   2.3   0.2  17.7   23:15     N
 8  20.9  27.6   18:00  16.9    6:30   0.3   3.0  14.0   1.0  29.0    0:45   NNW
 9  20.8  26.6   17:50  16.9    7:45   0.1   2.6  15.0   0.0   0.0     ---   ---
10  19.4  26.5   17:10  13.4    7:10   1.3   2.4   0.0   0.0   0.0     ---   ---
11  19.6  28.1   16:20  12.2    7:20   1.8   3.1   0.0   0.0   0.0     ---   ---
12  19.5  27.0   17:30  13.2    7:05   1.5   2.7   0.0   0.0   0.0     ---   ---
13  20.1  26.7   14:15  14.0    7:35   1.1   2.9   0.0   0.0   0.0     ---   ---
14  21.3  25.6   17:15  18.0    7:30   0.0   3.0   0.8   0.2   9.7   15:35   NNW
15  21.7  29.1   17:05  16.2    7:10   0.3   3.6   0.0   0.0   0.0     ---   ---
16  21.2  28.7   15:35  14.4    7:55   0.9   3.8   0.0   0.8  20.9   23:20   NNW
17  18.7  21.3    0:05  14.8   00:00   0.6   1.0   0.0   4.2  29.0   11:55     N
18  15.4  23.0   16:30   8.8    6:00   4.1   1.1   0.0   1.1  16.1   12:45   NNE
19  15.9  24.1   15:05   8.0    3:25   4.0   1.7   0.0   1.4  22.5   11:00   NNW
20  14.8  22.6   16:15   8.2    7:55   4.4   0.9   0.0   0.5  12.9   16:45   NNE
21  12.8  16.6   18:10   9.4    4:10   5.5   0.0   0.0   0.2   6.4    8:10    NW
22  14.7  21.0   15:45   9.9    4:05   4.0   0.4   0.0   0.6  14.5   12:30   NNW
23  14.8  19.9   17:00  11.2   21:50   3.7   0.2   0.0   0.5  12.9   12:00     S
24  13.2  14.0    0:05  12.6   23:45   5.1   0.0  12.4   0.0   4.8   11:45     E
25  14.3  17.7   13:30  11.6   23:40   4.0   0.0   0.3   0.2  12.9   15:40     N
26  14.3  21.5   16:15   8.6    7:55   4.5   0.5   0.3   0.5  14.5   16:10   NNW
27  15.0  22.1   16:05  10.1   00:00   4.0   0.7   0.0   0.5  12.9   12:35    NW
28  13.1  18.5   14:10   8.2    3:05   5.2   0.0   0.0   0.3  12.9   11:15   NNW
29  11.7  12.1    0:05  11.2    1:25   0.4   0.0   0.0   0.0   1.6    1:05     W
30
-------------------------------------------------------------------------------------
    18.0  29.5     6     8.0    19    57.7  55.8  55.6   0.5  29.0     8     NNW

Max >=  32.0:  0
Max <=   0.0:  0
Min <=   0.0:  0
Min <= -18.0:  0
Max Rain: 14.99 ON 09/09/22
Days of Rain: 11 (> .2 mm) 6 (> 2 mm) 0 (> 20 mm)
Heat Base:  18.3  Cool Base:  18.3  Method: Integration