NOAA-Style Climate Reports

Select a Year or Month report
2022: Gen Feb Mar Apr Mag Giu Lug Ago Set Ott Nov Dic
2021: Gen Feb Mar Apr Mag Giu Lug Ago Set Ott Nov Dic
2020: Gen Feb Mar Apr Mag Giu Lug Ago Set Ott Nov Dic
2019: Gen Feb Mar Apr Mag Giu Lug Ago Set Ott Nov Dic
2018: Gen Feb Mar Apr Mag Giu Lug Ago Set Ott Nov Dic
2017: Gen Feb Mar Apr Mag Giu Lug Ago Set Ott Nov Dic
2016: Gen Feb Mar Apr Mag Giu Lug Ago Set Ott Nov Dic
2015: Gen Feb Mar Apr Mag Giu Lug Ago Set Ott Nov Dic
2014: Gen Feb Mar Apr Mag Giu Lug Ago Set Ott Nov Dic
2013: Gen Feb Mar Apr Mag Giu Lug Ago Set Ott Nov Dic
2012: Gen Feb Mar Apr Mag Giu Lug Ago Set Ott Nov Dic

Report for 2017
                            ANNUAL CLIMATOLOGICAL SUMMARY

NAME: MeteoMalnate  CITY: Malnate   STATE: Italy  
ELEV:   387 m  LAT:  45° 47' 24" N  LONG:   8° 54' 13" E

               TEMPERATURE (°C), HEAT BASE 18.3, COOL BASE 18.3
                          DEP.  HEAT  COOL                                          
        MEAN  MEAN        FROM  DEG   DEG                        MAX  MAX  MIN  MIN 
 YR MO  MAX   MIN   MEAN  NORM  DAYS  DAYS  HI  DATE  LOW  DATE  >=32 <=0  <=0  <=-18 
------------------------------------------------------------------------------------
 17  1   6.7  -3.7   0.8   0.0   543     0  12.4   4  -7.6    7    0    2   30    0
 17  2  10.0   1.5   5.4   0.0   361     0  15.8  16  -1.7    1    0    0    5    0
 17  3  16.8   5.3  10.8   0.0   237     5  23.0  30   0.2   13    0    0    0    0
 17  4  19.0   6.9  13.0   0.0   173    12  24.2  11  -0.4   21    0    0    1    0
 17  5  22.9  11.3  17.1   0.0    99    60  30.0  24   1.9    2    0    0    0    0
 17  6  28.2  16.4  22.1   0.0    18   133  32.7  23  10.8    7    2    0    0    0
 17  7  29.1  16.9  22.9   0.0     9   150  33.0   8  10.7    1    1    0    0    0
 17  8  29.3  17.3  22.8   0.0    13   153  35.1   4  11.3   12    5    0    0    0
 17  9  21.6  11.4  16.0   0.0    94    24  26.9   7   6.1   21    0    0    0    0
 17 10  20.1   7.9  13.2   0.0   170    10  24.1  16   4.3   28    0    0    0    0
 17 11  12.1   2.5   6.9   0.0   343     0  17.8   3  -2.2   28    0    0    5    0
 17 12   7.7  -1.2   2.5   0.0   490     0  13.2  24  -4.8   21    0    0   23    0
------------------------------------------------------------------------------------
        18.7   7.7  12.8   0.0  2548   548  35.1 AUG  -7.6  JAN    8    2   64    0

                                PRECIPITATION (mm)

               DEP.   MAX        DAYS OF RAIN 
               FROM   OBS.          OVER
 YR MO  TOTAL  NORM   DAY  DATE  .2   2   20
---------------------------------------------
 17  1   8.9    0.0   4.1   13    6    2    0
 17  2  91.7    0.0  25.9    3   15    7    1
 17  3  63.2    0.0  14.5   23    8    6    0
 17  4  79.5    0.0  31.5   28    8    5    2
 17  5 134.4    0.0  34.8    1   13    9    4
 17  6 314.5    0.0  90.9    5   13   11    6
 17  7  61.5    0.0  38.9   29   14    4    1
 17  8  95.8    0.0  50.8   11    7    6    1
 17  9 166.6    0.0  55.1    1   15    9    3
 17 10   7.9    0.0   2.0   22   18    1    0
 17 11 124.5    0.0  87.6    5   17    8    1
 17 12 137.2    0.0  58.7   27   12    8    2
---------------------------------------------
      1285.5   0.0  90.9  JUN  146   76   21

                                WIND SPEED (km/hr)
                          DOM
 YR MO   AVG.  HI   DATE  DIR
---------------------------------
 17  1   1.6  37.0    4   NNW
 17  2   1.0  41.8   24   NNW
 17  3   1.9  33.8    7   NNW
 17  4   2.7  56.3   18   NNW
 17  5   1.7  29.0   19   NNW
 17  6   1.8  33.8   25   NNW
 17  7   1.7  30.6   25   NNW
 17  8   1.3  46.7   18   NNW
 17  9   1.4  37.0   15   NNW
 17 10   1.1  48.3    6   NNW
 17 11   1.6  51.5   13   NNW
 17 12   1.2  40.2   29   NNW
---------------------------------
         1.6  56.3  APR  NNW