NOAA-Style Climate Reports

Select a Year or Month report
2022: Gen Feb Mar Apr Mag Giu Lug Ago Set Ott Nov Dic
2021: Gen Feb Mar Apr Mag Giu Lug Ago Set Ott Nov Dic
2020: Gen Feb Mar Apr Mag Giu Lug Ago Set Ott Nov Dic
2019: Gen Feb Mar Apr Mag Giu Lug Ago Set Ott Nov Dic
2018: Gen Feb Mar Apr Mag Giu Lug Ago Set Ott Nov Dic
2017: Gen Feb Mar Apr Mag Giu Lug Ago Set Ott Nov Dic
2016: Gen Feb Mar Apr Mag Giu Lug Ago Set Ott Nov Dic
2015: Gen Feb Mar Apr Mag Giu Lug Ago Set Ott Nov Dic
2014: Gen Feb Mar Apr Mag Giu Lug Ago Set Ott Nov Dic
2013: Gen Feb Mar Apr Mag Giu Lug Ago Set Ott Nov Dic
2012: Gen Feb Mar Apr Mag Giu Lug Ago Set Ott Nov Dic

Report for 2020 Luglio
                   MONTHLY CLIMATOLOGICAL SUMMARY for JUL. 2020

NAME: MeteoMalnate   CITY: Malnate   STATE: Italy 
ELEV:   387 m  LAT:  45° 47' 24" N  LONG:   8° 54' 13" E

                   TEMPERATURE (°C), RAIN  (mm), WIND SPEED (km/hr)

                                      HEAT  COOL        AVG
    MEAN                              DEG   DEG         WIND                 DOM
DAY TEMP  HIGH   TIME   LOW    TIME   DAYS  DAYS  RAIN  SPEED HIGH   TIME    DIR
------------------------------------------------------------------------------------
 1  23.7  28.6   18:00  19.8    4:05   0.0   5.4   0.3   0.8  14.5   17:20   SSE
 2  23.8  30.6   18:20  18.6    5:25   0.0   5.5   6.9   1.1  25.7   21:05   NNW
 3  20.4  28.4   14:45  16.0    6:15   0.5   2.6   2.0   1.0  20.9   18:15   NNW
 4  21.6  27.8   18:35  15.7    5:50   0.6   3.9   0.3   1.3  14.5    1:25   WSW
 5  23.3  30.1   18:05  16.1    5:45   0.3   5.4   0.0   0.6  12.9   13:40    NE
 6  25.1  30.7   16:25  18.9    4:55   0.0   6.8   0.0   1.4  29.0   22:15   NNE
 7  22.2  26.0   17:35  16.3   00:00   0.1   4.0   0.0   4.2  40.2    2:40     N
 8  21.7  27.6   17:40  16.3    0:05   0.3   3.7   0.0   1.0  14.5   15:50   NNE
 9  22.6  29.3   18:35  15.9    5:40   0.5   4.8   0.0   0.8  17.7   17:20   NNE
10  23.4  29.6   14:40  17.9    3:10   0.0   5.1   2.3   0.6  16.1   23:30    NE
11  22.6  28.2   19:25  16.4   23:00   0.1   4.3   0.8   1.4  17.7   14:10    NE
12  21.4  27.6   17:30  15.0    5:30   0.5   3.7   0.0   0.8  14.5   16:15   NNW
13  21.2  25.6   18:10  17.7    6:30   0.0   2.9   0.0   0.6  14.5   15:30    NW
14  19.7  24.4   17:10  15.5    5:35   0.4   1.9   0.8   0.5   9.7   13:00   NNW
15  20.2  24.4   12:55  16.8    5:50   0.3   2.1   0.0   0.8  17.7   14:40   NNE
16  21.3  28.1   18:35  14.5    6:30   0.8   3.9   0.0   1.1  17.7   14:40   NNE
17  22.2  28.1   17:45  15.5    6:15   0.5   4.4   0.0   1.1  16.1   14:15   NNW
18  21.5  26.8   17:10  16.1    6:55   0.3   3.5   0.0   1.3  16.1   17:35   WSW
19  21.7  28.4   15:55  14.9    6:05   0.7   4.1   0.0   1.0  22.5   16:20    NW
20  23.3  29.9   16:35  16.9    5:10   0.2   5.1   0.0   1.1  17.7   15:20   WSW
21  24.2  28.1   19:45  21.6   23:55   0.0   1.1   0.0   0.2  17.7   22:35     N
22  25.2  31.5   15:20  20.3    4:05   0.0   6.9   0.0   1.9  20.9    0:45   NNW
23  24.2  31.2   16:40  17.1    5:50   0.1   6.0   0.0   1.1  14.5   16:15   NNW
24  18.9  23.2   19:40  15.6    8:45   0.9   1.5  30.2   1.0  20.9    5:20   NNW
25  21.6  29.6   18:15  13.7    6:30   0.9   4.2   0.0   1.3  17.7   14:40   WSW
26  22.8  29.3   18:10  17.2    4:00   0.2   4.7   0.0   0.5  11.3   13:20     N
27  23.1  29.8   17:05  17.6    2:00   0.0   4.8   0.0   0.5  11.3   14:15   NNE
28  24.8  30.7   17:00  19.0    4:40   0.0   6.5   0.0   0.8  14.5   20:25   NNE
29  25.7  31.8   15:40  20.8    2:35   0.0   7.4   0.0   0.6  11.3   14:55   NNE
30  26.7  33.1   16:00  21.3    5:45   0.0   8.4   0.0   0.8  17.7   21:30     N
31  26.7  34.1   17:45  19.8    3:50   0.0   8.4   0.0   0.8  12.9   13:50    NE
-------------------------------------------------------------------------------------
    22.8  34.1    31    13.7    25     8.3 142.8  43.4   1.0  40.2     7     NNE

Max >=  32.0:  2
Max <=   0.0:  0
Min <=   0.0:  0
Min <= -18.0:  0
Max Rain: 30.23 ON 24/07/20
Days of Rain: 8 (> .2 mm) 4 (> 2 mm) 1 (> 20 mm)
Heat Base:  18.3  Cool Base:  18.3  Method: Integration