NOAA-Style Climate Reports

Select a Year or Month report
2022: Gen Feb Mar Apr Mag Giu Lug Ago Set Ott Nov Dic
2021: Gen Feb Mar Apr Mag Giu Lug Ago Set Ott Nov Dic
2020: Gen Feb Mar Apr Mag Giu Lug Ago Set Ott Nov Dic
2019: Gen Feb Mar Apr Mag Giu Lug Ago Set Ott Nov Dic
2018: Gen Feb Mar Apr Mag Giu Lug Ago Set Ott Nov Dic
2017: Gen Feb Mar Apr Mag Giu Lug Ago Set Ott Nov Dic
2016: Gen Feb Mar Apr Mag Giu Lug Ago Set Ott Nov Dic
2015: Gen Feb Mar Apr Mag Giu Lug Ago Set Ott Nov Dic
2014: Gen Feb Mar Apr Mag Giu Lug Ago Set Ott Nov Dic
2013: Gen Feb Mar Apr Mag Giu Lug Ago Set Ott Nov Dic
2012: Gen Feb Mar Apr Mag Giu Lug Ago Set Ott Nov Dic

Report for 2013 Ottobre
                   MONTHLY CLIMATOLOGICAL SUMMARY for OCT. 2013

NAME: Meteozippo   CITY: Malnate   STATE: Italy 
ELEV:   383 m  LAT:  45° 42' 00" N  LONG:   8° 54' 00" E

                   TEMPERATURE (°C), RAIN  (mm), WIND SPEED (km/hr)

                                      HEAT  COOL        AVG
    MEAN                              DEG   DEG         WIND                 DOM
DAY TEMP  HIGH   TIME   LOW    TIME   DAYS  DAYS  RAIN  SPEED HIGH   TIME    DIR
------------------------------------------------------------------------------------
 1  14.8  16.9   15:30  13.4    7:30   3.5   0.0   0.2   0.3   8.0   16:00   NNW
 2  15.5  18.1   16:00  14.1    5:30   2.8   0.0   0.0   0.3   9.7   23:30   NNW
 3  13.8  15.5    0:30  12.5   22:30   4.5   0.0   0.0   0.6  14.5    2:30    NE
 4  12.5  14.2   16:00  11.5   00:00   5.8   0.0   0.6   0.0   6.4   11:00     N
 5  11.7  14.1   15:00   9.7    5:00   6.6   0.0   5.2   0.3   8.0    7:00   SSE
 6  12.7  14.7   16:00  10.9    0:30   5.6   0.0   4.4   0.2   8.0   15:30    SW
 7  14.2  17.1   13:00  12.7    5:00   4.1   0.0   7.4   0.5  12.9   17:30   SSE
 8  13.8  17.7   16:00  11.6    8:30   4.5   0.0   0.0   0.6   9.7   16:00    SW
 9  13.8  17.6   15:00   9.7    5:00   4.5   0.0   0.0   0.5   8.0   12:00    SE
10  12.2  14.9   16:30   5.3   22:00   6.1   0.0  18.8   3.7  51.5   21:30   NNW
11   9.9  15.5   16:00   5.2    8:00   8.4   0.0   2.0   2.9  41.8    1:30   NNW
12   9.1  12.6   16:30   6.3   10:00   9.2   0.0   6.4   1.9  16.1    3:00   NNW
13   9.8  10.8   17:00   8.8    1:30   8.5   0.0   0.2   1.4  11.3   13:00   NNW
14  11.4  14.6   15:30   9.3    4:30   6.9   0.0   0.2   0.3   8.0   15:30   NNW
15  11.3  16.1   15:30   7.2   00:00   7.1   0.0   0.0   0.5   8.0   16:00   NNW
16  12.7  21.0   15:00   6.8    1:00   5.9   0.3   0.0   1.6  17.7    9:00   NNW
17  12.5  20.6   16:00   5.9    8:00   6.1   0.3   0.0   1.0   9.7    1:30   SSW
18  11.6  18.7   16:00   5.3    8:30   6.8   0.0   0.0   0.8  14.5   14:30     N
19  11.4  16.2   16:30   7.5    7:00   6.9   0.0   0.0   0.2   6.4   11:30     N
20  12.7  14.2   13:00  11.2    0:30   5.6   0.0   0.0   0.3   6.4    1:00   NNW
21  13.6  16.3   15:30  10.2    5:30   4.8   0.0   0.2   0.2   6.4   12:00   NNW
22  13.8  14.7   17:00  13.1    5:00   4.5   0.0   8.0   0.2   6.4   23:00     N
23  15.0  15.7   20:00  14.1    0:30   3.3   0.0  23.4   2.3  19.3    8:00    NW
24  14.8  16.4   17:00  13.7    7:00   3.5   0.0   3.0   1.3   9.7    1:30   NNW
25  14.8  18.4   16:30  12.6   22:30   3.5   0.0   3.4   1.0   6.4    1:00   NNW
26  14.7  20.2   15:30  10.1    8:00   3.9   0.2   0.0   0.6   8.0   11:30     N
27  14.6  17.2   15:00  12.6   21:00   3.7   0.0   1.2   0.2   8.0   19:30   NNW
28  15.2  18.7   12:30  12.4   20:00   3.2   0.0   0.0   0.6   8.0    3:30   NNW
29  15.5  17.8   14:00  13.8    6:30   2.8   0.0   0.8   0.5   8.0    2:00   NNW
30  13.7  16.7   14:30  12.1    5:30   4.6   0.0  40.4   1.9  16.1    5:30   NNW
31  11.7  14.3   15:00   8.1   00:00   6.6   0.0  15.6   0.5   9.7    3:30   NNW
-------------------------------------------------------------------------------------
    13.1  21.0    16     5.2    11   163.6   1.0 141.4   0.9  51.5    10     NNW

Max >=  32.0:  0
Max <=   0.0:  0
Min <=   0.0:  0
Min <= -18.0:  0
Max Rain: 40.41 ON 30/10/13
Days of Rain: 19 (> .2 mm) 12 (> 2 mm) 2 (> 20 mm)
Heat Base:  18.3  Cool Base:  18.3  Method: Integration