NOAA-Style Climate Reports

Select a Year or Month report
2022: Gen Feb Mar Apr Mag Giu Lug Ago Set Ott Nov Dic
2021: Gen Feb Mar Apr Mag Giu Lug Ago Set Ott Nov Dic
2020: Gen Feb Mar Apr Mag Giu Lug Ago Set Ott Nov Dic
2019: Gen Feb Mar Apr Mag Giu Lug Ago Set Ott Nov Dic
2018: Gen Feb Mar Apr Mag Giu Lug Ago Set Ott Nov Dic
2017: Gen Feb Mar Apr Mag Giu Lug Ago Set Ott Nov Dic
2016: Gen Feb Mar Apr Mag Giu Lug Ago Set Ott Nov Dic
2015: Gen Feb Mar Apr Mag Giu Lug Ago Set Ott Nov Dic
2014: Gen Feb Mar Apr Mag Giu Lug Ago Set Ott Nov Dic
2013: Gen Feb Mar Apr Mag Giu Lug Ago Set Ott Nov Dic
2012: Gen Feb Mar Apr Mag Giu Lug Ago Set Ott Nov Dic

Report for 2014 Febbraio
                   MONTHLY CLIMATOLOGICAL SUMMARY for FEB. 2014

NAME: Meteozippo   CITY: Malnate   STATE: Italy 
ELEV:   383 m  LAT:  45° 42' 00" N  LONG:   8° 54' 00" E

                   TEMPERATURE (°C), RAIN  (mm), WIND SPEED (km/hr)

                                      HEAT  COOL        AVG
    MEAN                              DEG   DEG         WIND                 DOM
DAY TEMP  HIGH   TIME   LOW    TIME   DAYS  DAYS  RAIN  SPEED HIGH   TIME    DIR
------------------------------------------------------------------------------------
 1   4.9   5.9   13:30   2.5    0:30  13.4   0.0  24.6   0.8   8.0    5:00     N
 2   6.1   8.8   14:30   4.2    8:30  12.3   0.0   9.0   0.3   8.0    3:00   NNW
 3   6.0   7.0   14:30   5.3    0:30  12.3   0.0  17.8   1.3  12.9    6:30   NNW
 4   5.6   6.1   16:30   5.0   23:30  12.8   0.0  23.2   0.2   6.4   10:00   SSE
 5   4.8   6.1   13:00   2.8   21:30  13.5   0.0  28.2   1.0  20.9   17:30   SSE
 6   4.5  10.7   14:30   0.3    7:00  13.8   0.0   0.2   0.8   9.7   11:00     N
 7   3.6   4.7   11:30   1.1   00:00  14.8   0.0  20.4   1.3   9.7   13:30   NNW
 8   3.3   6.8   13:00  -0.1    4:00  15.0   0.0   5.4   1.3   9.7   11:00   NNW
 9   5.6  10.8   15:30   1.7   22:30  12.7   0.0   2.4   1.8  19.3   16:00    SW
10   2.6   5.0    4:30   1.1   16:00  15.7   0.0  24.0   1.0  11.3    4:30   NNW
11   4.2  10.0   15:00   0.0    7:00  14.1   0.0   1.4   0.8   9.7   13:30   NNE
12   6.1  14.2   14:30   0.7    4:00  12.2   0.0   0.2   2.1  20.9   13:00   NNW
13   2.9   6.2   10:30   0.6    8:30  15.3   0.0  11.6   1.6  12.9   22:00   NNW
14   6.4  12.8   15:30   1.2    8:00  11.9   0.0   0.0   1.9  17.7    5:30     N
15   5.5   8.3   14:30   2.1    4:30  12.8   0.0   0.2   1.1   8.0   11:00   NNW
16   5.8   6.8   16:30   4.9    1:00  12.5   0.0   4.8   0.8   8.0    5:00     N
17   6.6   8.6   16:30   4.7   00:00  11.7   0.0   5.4   1.1  14.5    6:00   NNW
18   7.1  12.1   15:30   2.7    4:00  11.2   0.0   0.6   1.0   8.0    8:00   NNW
19   6.8   8.0   17:00   4.8   00:00  11.5   0.0  14.0   1.6  16.1   14:30    NW
20   6.6  11.9   14:00   1.7    5:00  11.7   0.0   0.0   1.1  16.1   15:30   NNE
21   7.7  11.8   14:00   3.2    8:00  10.6   0.0   0.0   0.6  11.3   14:30     S
22   8.2  14.1   15:00   3.0    4:00  10.1   0.0   0.0   3.4  27.4   10:00   NNW
23   6.3  13.0   15:30   0.5    8:00  12.0   0.0   0.0   1.3  12.9   14:00   NNW
24   6.3  13.6   15:00   0.9    7:00  12.0   0.0   0.0   1.1  12.9   13:30    SE
25   6.0  12.6   15:30   0.0    7:00  12.3   0.0   0.0   1.1  11.3    9:30   SSW
26   4.6   5.1    5:30   3.6    0:30  13.8   0.0  23.8   1.9  14.5   17:30   NNW
27   5.3   8.4   14:30   2.8    4:30  13.0   0.0   0.4   0.8   9.7    1:00   SSE
28   4.9   7.2   11:30   2.9    5:00  13.3   0.0  11.8   1.1  16.1   23:30   SSE
-------------------------------------------------------------------------------------
     5.5  14.2    12    -0.1     8   358.3   0.0 229.4   1.2  27.4    22     NNW

Max >=  32.0:  0
Max <=   0.0:  0
Min <=   0.0:  3
Min <= -18.0:  0
Max Rain: 28.19 ON 05/02/14
Days of Rain: 21 (> .2 mm) 15 (> 2 mm) 6 (> 20 mm)
Heat Base:  18.3  Cool Base:  18.3  Method: Integration