NOAA-Style Climate Reports

Select a Year or Month report
2022: Gen Feb Mar Apr Mag Giu Lug Ago Set Ott Nov Dic
2021: Gen Feb Mar Apr Mag Giu Lug Ago Set Ott Nov Dic
2020: Gen Feb Mar Apr Mag Giu Lug Ago Set Ott Nov Dic
2019: Gen Feb Mar Apr Mag Giu Lug Ago Set Ott Nov Dic
2018: Gen Feb Mar Apr Mag Giu Lug Ago Set Ott Nov Dic
2017: Gen Feb Mar Apr Mag Giu Lug Ago Set Ott Nov Dic
2016: Gen Feb Mar Apr Mag Giu Lug Ago Set Ott Nov Dic
2015: Gen Feb Mar Apr Mag Giu Lug Ago Set Ott Nov Dic
2014: Gen Feb Mar Apr Mag Giu Lug Ago Set Ott Nov Dic
2013: Gen Feb Mar Apr Mag Giu Lug Ago Set Ott Nov Dic
2012: Gen Feb Mar Apr Mag Giu Lug Ago Set Ott Nov Dic

Report for 2015 Novembre
                   MONTHLY CLIMATOLOGICAL SUMMARY for NOV. 2015

NAME: Meteozippo   CITY: Malnate   STATE: Italy 
ELEV:   387 m  LAT:  45° 47' 24" N  LONG:   8° 54' 13" E

                   TEMPERATURE (°C), RAIN  (mm), WIND SPEED (km/hr)

                                      HEAT  COOL        AVG
    MEAN                              DEG   DEG         WIND                 DOM
DAY TEMP  HIGH   TIME   LOW    TIME   DAYS  DAYS  RAIN  SPEED HIGH   TIME    DIR
------------------------------------------------------------------------------------
 1   9.5  17.2   14:10   4.7    7:30   8.8   0.0   0.5   0.5   9.7   11:50   SSE
 2   9.1  17.2   14:55   4.6    7:45   9.2   0.0   0.3   0.5   9.7   13:55   NNE
 3   9.0  14.7   12:15   3.4    4:15   9.3   0.0   0.5   0.3  14.5   12:00   NNE
 4  10.9  18.2   14:05   6.6   23:15   7.4   0.0   0.0   0.5  12.9   15:35   SSE
 5  10.3  18.5   14:10   5.6    6:20   7.9   0.0   0.3   0.6  11.3   12:30   SSE
 6  11.6  19.8   14:00   6.8    7:40   6.8   0.1   0.3   0.5   9.7   13:10    NW
 7  11.9  21.1   14:05   6.3    6:45   6.7   0.3   0.0   0.5   9.7   15:45   SSE
 8  12.0  21.8   14:40   6.6    7:25   6.8   0.5   0.3   0.3   8.0   12:25   SSE
 9  10.9  19.3   14:05   5.9    7:40   7.5   0.1   0.3   0.6  16.1   14:00   SSE
10  11.6  21.7   14:15   6.4    7:25   7.2   0.5   0.3   0.3   8.0   14:20   SSW
11  11.1  19.6   13:35   6.1    7:45   7.3   0.1   0.0   0.5  11.3   14:10     S
12  10.9  20.6   13:50   5.8    7:15   7.6   0.2   0.3   0.2   8.0   12:55    NW
13  10.0  18.9   13:10   4.9    7:40   8.3   0.0   0.3   0.5   9.7   13:35   SSE
14   7.8  10.6   15:20   4.3    7:25  10.5   0.0   0.3   0.3   8.0    6:25   SSE
15   8.7  14.6   14:35   5.2   22:50   9.6   0.0   0.0   0.5  11.3   12:25   SSW
16   6.5  11.6   14:25   3.4    6:55  11.8   0.0   0.3   0.3   8.0   11:10   SSW
17   7.6  15.5   13:25   2.5    6:35  10.7   0.0   0.3   0.5   8.0    8:30   NNW
18   8.8  15.7   12:05   4.8    8:10   9.4   0.0   0.3   0.5  11.3   12:20     E
19   8.8  11.6   14:50   6.7   00:00   9.5   0.0   0.3   0.3   6.4    2:55   NNW
20   9.1  13.6   14:05   4.9    8:20   9.2   0.0   0.3   0.5  12.9    4:35     N
21  10.4  14.8   11:25   4.5   23:25   7.9   0.0   0.3   3.2  29.0   17:20   NNW
22   6.8  11.7   13:15   0.6    7:45  11.5   0.0   0.0   3.1  25.7   11:45   NNW
23   3.3   7.2    0:20  -0.6   21:10  15.0   0.0   0.0   1.1  19.3    0:15     N
24   2.4   8.9   14:20  -2.5    6:45  15.9   0.0   0.0   0.8  11.3    9:50   SSE
25   1.8   6.9   14:20  -1.2    8:25  16.5   0.0   0.0   0.3   8.0   13:10   SSE
26   5.3  12.1   12:55  -3.2    7:10  13.0   0.0   0.0   6.9  40.2   16:00   NNW
27   4.7  11.8   13:55  -1.4   00:00  13.6   0.0   0.0   1.4  22.5    0:45   SSE
28   1.4   9.1   14:10  -2.6    5:40  16.9   0.0   0.0   0.3   9.7   14:20     N
29   2.2   9.6   12:45  -1.9    6:45  16.1   0.0   0.0   0.5   8.0   12:15   SSW
30   4.4  14.2   14:35  -0.9    7:50  13.9   0.0   0.3   0.8   8.0    5:45   SSE
-------------------------------------------------------------------------------------
     8.0  21.8     8    -3.2    26   311.9   1.8   5.1   0.9  40.2    26     SSE

Max >=  32.0:  0
Max <=   0.0:  0
Min <=   0.0:  8
Min <= -18.0:  0
Max Rain: 0.51 ON 01/11/15
Days of Rain: 18 (> .2 mm) 0 (> 2 mm) 0 (> 20 mm)
Heat Base:  18.3  Cool Base:  18.3  Method: Integration