NOAA-Style Climate Reports

Select a Year or Month report
2022: Gen Feb Mar Apr Mag Giu Lug Ago Set Ott Nov Dic
2021: Gen Feb Mar Apr Mag Giu Lug Ago Set Ott Nov Dic
2020: Gen Feb Mar Apr Mag Giu Lug Ago Set Ott Nov Dic
2019: Gen Feb Mar Apr Mag Giu Lug Ago Set Ott Nov Dic
2018: Gen Feb Mar Apr Mag Giu Lug Ago Set Ott Nov Dic
2017: Gen Feb Mar Apr Mag Giu Lug Ago Set Ott Nov Dic
2016: Gen Feb Mar Apr Mag Giu Lug Ago Set Ott Nov Dic
2015: Gen Feb Mar Apr Mag Giu Lug Ago Set Ott Nov Dic
2014: Gen Feb Mar Apr Mag Giu Lug Ago Set Ott Nov Dic
2013: Gen Feb Mar Apr Mag Giu Lug Ago Set Ott Nov Dic
2012: Gen Feb Mar Apr Mag Giu Lug Ago Set Ott Nov Dic

Report for 2017 Marzo
                   MONTHLY CLIMATOLOGICAL SUMMARY for MAR. 2017

NAME: MeteoMalnate   CITY: Malnate   STATE: Italy 
ELEV:   387 m  LAT:  45° 47' 24" N  LONG:   8° 54' 13" E

                   TEMPERATURE (°C), RAIN  (mm), WIND SPEED (km/hr)

                                      HEAT  COOL        AVG
    MEAN                              DEG   DEG         WIND                 DOM
DAY TEMP  HIGH   TIME   LOW    TIME   DAYS  DAYS  RAIN  SPEED HIGH   TIME    DIR
------------------------------------------------------------------------------------
 1   9.0  15.6   15:55   2.4    6:50   9.3   0.0   0.0   2.9  20.9    1:55   NNW
 2   8.0  15.2   15:05   1.3    7:25  10.3   0.0   0.0   1.3  16.1   14:20   SSE
 3   6.3   8.1   14:05   3.3    1:05  12.0   0.0   4.3   0.5   6.4    4:20     N
 4   7.6   9.7   14:45   6.5    0:05  10.7   0.0  10.7   2.6  30.6   14:40    NW
 5   8.4  13.0   14:15   6.3    5:50   9.9   0.0   0.0   1.9  22.5   15:20     N
 6   7.9  12.1   14:20   4.2   22:15  10.4   0.0   0.0   1.6  17.7    9:05   NNW
 7  10.2  14.8   14:10   5.2    0:20   8.1   0.0   0.0   6.9  33.8   11:50   NNW
 8  10.2  16.2   14:45   4.1   00:00   8.1   0.0   0.0   3.4  27.4    2:15   NNW
 9  10.6  20.1   16:10   2.4    4:35   7.9   0.2   0.0   1.6  19.3   15:10   SSE
10  14.3  20.9   14:20   5.6    2:55   4.4   0.4   0.0   6.3  32.2    9:10   NNW
11   9.7  16.4   15:10   1.8    7:05   8.6   0.0   0.0   1.8  17.7   13:55   NNE
12   8.5  15.6   15:15   3.5    7:15   9.8   0.0   0.0   1.3  19.3   16:35    SE
13   7.4  14.6   15:45   0.2    7:10  10.9   0.0   0.0   1.1  17.7   12:15    SE
14   9.6  18.8   15:35   0.8    6:55   8.8   0.0   0.0   1.4  14.5   13:05    SE
15  11.3  18.7   15:45   5.4    7:00   7.0   0.0   0.0   0.8  12.9   11:25    SE
16  10.4  18.1   16:15   3.4    6:55   7.8   0.0   0.0   1.3  16.1   12:30    SE
17  11.8  20.2   15:00   4.4    6:40   6.7   0.2   0.0   1.4  19.3   14:45    SE
18  11.9  20.3   14:20   5.1    6:30   6.6   0.2   0.0   1.8  19.3   14:30     N
19  13.6  22.3   15:30   7.3    6:20   5.4   0.7   0.0   1.4  17.7   16:15   SSE
20  12.4  17.8   15:15   6.7    4:30   5.9   0.0   0.0   1.1  17.7   14:20   SSE
21  13.1  15.1   14:50  11.5    6:35   5.2   0.0   0.0   0.3  11.3   22:30   SSE
22  11.6  13.6   14:45  10.7    7:35   6.7   0.0  11.2   1.6  17.7   22:35   NNW
23  11.0  12.6   12:05   9.6   00:00   7.3   0.0  14.5   1.6  16.1    0:45   NNW
24  10.8  13.3   20:20   8.9    4:00   7.4   0.0   1.8   1.4  20.9   18:40   NNW
25  13.9  20.7   15:15   7.1    7:10   4.8   0.4   8.1   1.8  19.3   23:05     N
26  10.8  15.1   16:45   7.8    7:15   7.2   0.0  12.4   1.4  12.9    3:00   SSE
27  10.5  15.8   18:15   5.7   00:00   7.8   0.0   0.3   1.0  12.9   13:35     S
28  11.0  19.4   16:50   3.1    6:35   7.4   0.1   0.0   1.3  17.7   16:05   SSE
29  13.6  22.6   16:00   5.6    7:00   5.7   1.0   0.0   1.8  17.7   17:40   SSE
30  14.6  23.0   17:00   6.7    7:25   4.9   1.2   0.0   1.6  17.7   14:25     N
31  14.9  22.4   15:50   7.6    7:10   4.4   1.0   0.0   1.8  19.3   17:25     N
-------------------------------------------------------------------------------------
    10.8  23.0    30     0.2    13   237.4   5.4  63.2   1.9  33.8     7     NNW

Max >=  32.0:  0
Max <=   0.0:  0
Min <=   0.0:  0
Min <= -18.0:  0
Max Rain: 14.48 ON 23/03/17
Days of Rain: 8 (> .2 mm) 6 (> 2 mm) 0 (> 20 mm)
Heat Base:  18.3  Cool Base:  18.3  Method: Integration