NOAA-Style Climate Reports

Select a Year or Month report
2022: Gen Feb Mar Apr Mag Giu Lug Ago Set Ott Nov Dic
2021: Gen Feb Mar Apr Mag Giu Lug Ago Set Ott Nov Dic
2020: Gen Feb Mar Apr Mag Giu Lug Ago Set Ott Nov Dic
2019: Gen Feb Mar Apr Mag Giu Lug Ago Set Ott Nov Dic
2018: Gen Feb Mar Apr Mag Giu Lug Ago Set Ott Nov Dic
2017: Gen Feb Mar Apr Mag Giu Lug Ago Set Ott Nov Dic
2016: Gen Feb Mar Apr Mag Giu Lug Ago Set Ott Nov Dic
2015: Gen Feb Mar Apr Mag Giu Lug Ago Set Ott Nov Dic
2014: Gen Feb Mar Apr Mag Giu Lug Ago Set Ott Nov Dic
2013: Gen Feb Mar Apr Mag Giu Lug Ago Set Ott Nov Dic
2012: Gen Feb Mar Apr Mag Giu Lug Ago Set Ott Nov Dic

Report for 2017 Settembre
                   MONTHLY CLIMATOLOGICAL SUMMARY for SEP. 2017

NAME: MeteoMalnate   CITY: Malnate   STATE: Italy 
ELEV:   387 m  LAT:  45° 47' 24" N  LONG:   8° 54' 13" E

                   TEMPERATURE (°C), RAIN  (mm), WIND SPEED (km/hr)

                                      HEAT  COOL        AVG
    MEAN                              DEG   DEG         WIND                 DOM
DAY TEMP  HIGH   TIME   LOW    TIME   DAYS  DAYS  RAIN  SPEED HIGH   TIME    DIR
------------------------------------------------------------------------------------
 1  18.4  23.3   16:15  15.2   23:00   0.8   0.9  55.1   4.5  24.1    6:40   NNW
 2  15.2  17.8   17:50  13.3    6:45   3.1   0.0   6.3   1.9  16.1    1:45   NNW
 3  17.8  24.3   16:40  12.4    3:00   2.2   1.7   0.0   1.9  24.1   10:50   NNW
 4  17.3  23.8   16:40  12.3    1:00   2.4   1.4   0.0   1.0  11.3   15:35     N
 5  18.6  26.5   17:10  11.9    6:20   2.1   2.4   0.0   0.8  14.5   14:25     N
 6  19.7  25.9   17:05  15.3    0:55   1.0   2.5   0.0   0.8  11.3   12:35   NNW
 7  19.8  26.9   17:40  13.4    6:00   1.3   2.8   0.3   0.8  14.5   23:05   NNW
 8  18.9  23.4   16:35  15.8    7:35   0.7   1.3   2.5   0.6  11.3   14:10    SE
 9  17.3  20.5   16:05  15.3   23:55   1.4   0.4  27.7   1.9  20.9   21:50   NNW
10  13.5  16.4   14:35  10.7    7:35   4.8   0.0  43.4   4.7  29.0    9:35   NNW
11  17.3  23.4   17:55  13.4    6:40   2.1   1.1   0.5   1.0  19.3    0:35   NNW
12  17.9  24.8   16:05  12.8   00:00   1.8   1.4   0.0   1.4  17.7   12:05   NNW
13  15.6  22.2   17:35   9.7    5:25   3.4   0.7   0.0   0.8  12.9   14:55    NW
14  15.8  17.4   11:35  13.6   21:00   2.5   0.0   2.8   1.0  20.9   22:15   NNW
15  13.7  17.2   11:20   8.3    7:55   4.6   0.0   3.8   2.4  37.0    3:10   NNW
16  14.1  19.8   15:55  10.9    8:20   4.2   0.1  12.7   1.3  19.3   20:15   NNW
17  13.1  19.8   15:10   8.3    6:55   5.3   0.1  10.4   1.3  17.7   15:05     N
18  12.8  17.8   16:10   8.8    2:45   5.5   0.0   0.3   1.0  11.3    5:20     N
19  13.2  20.6   15:10   6.5    6:55   5.4   0.3   0.3   3.2  27.4   11:25   NNW
20  14.5  21.8   15:25   7.4    7:20   4.5   0.7   0.0   2.6  22.5   12:35   NNW
21  13.4  21.4   16:35   6.1    7:45   5.5   0.6   0.0   1.3  12.9   13:10   NNW
22  14.2  21.9   15:10   7.9    6:55   4.9   0.7   0.3   0.8  12.9   15:00     N
23  15.1  21.9   16:25  10.1    5:10   3.9   0.7   0.0   0.5   9.7   16:00     N
24  17.7  24.4   16:05  13.1    0:05   2.0   1.5   0.0   1.3  14.5   20:10   NNW
25  15.4  21.2   16:15   9.8    6:20   3.3   0.4   0.0   0.6  11.3   14:15   NNW
26  15.2  21.1   15:30   9.7    7:45   3.6   0.5   0.0   0.5  11.3   12:55   ESE
27  16.2  22.5   15:15  11.8   23:25   2.9   0.9   0.0   0.5  12.9   15:15   NNW
28  16.3  22.9   15:25  11.8    6:35   3.1   1.1   0.3   0.6  11.3   14:45   NNW
29  15.7  20.6   16:20  12.3    8:20   2.9   0.3   0.0   0.2   8.0   12:40    SE
30  15.3  17.3   15:10  13.5    7:45   3.0   0.0   0.0   0.2   6.4   23:05    NW
-------------------------------------------------------------------------------------
    16.0  26.9     7     6.1    21    94.2  24.4 166.6   1.4  37.0    15     NNW

Max >=  32.0:  0
Max <=   0.0:  0
Min <=   0.0:  0
Min <= -18.0:  0
Max Rain: 55.12 ON 01/09/17
Days of Rain: 15 (> .2 mm) 9 (> 2 mm) 3 (> 20 mm)
Heat Base:  18.3  Cool Base:  18.3  Method: Integration