NOAA-Style Climate Reports

Select a Year or Month report
2022: Gen Feb Mar Apr Mag Giu Lug Ago Set Ott Nov Dic
2021: Gen Feb Mar Apr Mag Giu Lug Ago Set Ott Nov Dic
2020: Gen Feb Mar Apr Mag Giu Lug Ago Set Ott Nov Dic
2019: Gen Feb Mar Apr Mag Giu Lug Ago Set Ott Nov Dic
2018: Gen Feb Mar Apr Mag Giu Lug Ago Set Ott Nov Dic
2017: Gen Feb Mar Apr Mag Giu Lug Ago Set Ott Nov Dic
2016: Gen Feb Mar Apr Mag Giu Lug Ago Set Ott Nov Dic
2015: Gen Feb Mar Apr Mag Giu Lug Ago Set Ott Nov Dic
2014: Gen Feb Mar Apr Mag Giu Lug Ago Set Ott Nov Dic
2013: Gen Feb Mar Apr Mag Giu Lug Ago Set Ott Nov Dic
2012: Gen Feb Mar Apr Mag Giu Lug Ago Set Ott Nov Dic

Report for 2019 Aprile
                   MONTHLY CLIMATOLOGICAL SUMMARY for APR. 2019

NAME: MeteoMalnate   CITY: Malnate   STATE: Italy 
ELEV:   387 m  LAT:  45° 47' 24" N  LONG:   8° 54' 13" E

                   TEMPERATURE (°C), RAIN  (mm), WIND SPEED (km/hr)

                                      HEAT  COOL        AVG
    MEAN                              DEG   DEG         WIND                 DOM
DAY TEMP  HIGH   TIME   LOW    TIME   DAYS  DAYS  RAIN  SPEED HIGH   TIME    DIR
------------------------------------------------------------------------------------
 1  12.7  21.2   16:05   3.7    7:05   6.2   0.6   0.0   1.3  19.3   16:00   SSE
 2  13.4  19.7   15:35   7.0    6:05   5.0   0.1   1.5   1.0  12.9   11:45   ENE
 3   9.5  11.3   11:05   6.6    4:50   8.8   0.0   8.9   1.1  17.7   17:50    NW
 4   9.2  10.7   14:10   5.8   22:30   9.2   0.0  31.8   3.7  30.6   23:15   NNW
 5   9.7  14.4   16:20   3.9    7:20   8.6   0.0   0.0   1.1  22.5    0:05   NNW
 6  10.7  14.8   15:00   8.2    6:15   7.6   0.0   0.0   0.5  12.9   12:20   NNW
 7   9.4  11.7   15:45   7.5   23:35   8.9   0.0   3.8   0.5  11.3   17:25   NNW
 8  11.2  18.6   17:00   4.1    7:05   7.1   0.0   0.0   1.4  17.7   15:30     N
 9  12.2  18.4   14:15   6.4    7:25   6.2   0.0   1.0   1.3  17.7   17:45     N
10  11.1  16.2   15:00   5.7    6:50   7.2   0.0   1.0   1.0  19.3   16:00   NNW
11  10.6  11.8   14:10   8.6    5:10   7.7   0.0   0.3   0.3  12.9    6:30    NW
12  11.9  15.6   15:50   9.7    2:35   6.4   0.0   0.3   0.6  17.7   14:50    NW
13  10.3  13.6   18:05   7.4   00:00   8.0   0.0   9.1   0.6  11.3   11:15   SSE
14   7.6   9.3   16:15   6.0    7:10  10.7   0.0   6.9   0.8  12.9   17:25   NNW
15  10.8  18.4   15:40   4.7    3:40   7.4   0.0   0.0   1.3  19.3   16:40   SSE
16  11.8  16.8   14:55   7.6    6:00   6.5   0.0   0.0   0.5   9.7   14:35     N
17  13.2  20.8   16:55   5.1    6:40   5.6   0.5   0.0   1.3  16.1   17:30     N
18  13.9  20.2   15:30   7.9    5:20   4.7   0.3   0.0   1.0  16.1   13:20   NNW
19  14.6  20.8   15:35   9.0    6:05   4.1   0.3   0.0   1.0  16.1   14:10   NNW
20  15.2  22.3   16:05   7.8    2:35   4.2   1.0   0.0   1.6  16.1   16:10   NNE
21  15.6  22.8   14:50   9.4    5:10   3.6   0.9   0.0   1.0  14.5   13:20   NNW
22  14.5  19.9   14:30   9.7    6:50   3.9   0.1   0.0   0.6  16.1   14:15    NW
23  11.9  13.4    0:05  10.9    4:45   6.4   0.0  36.6   0.3  12.9   23:25    NW
24  13.3  15.2   12:55  12.3    0:05   5.0   0.0  24.9   1.3  24.1   15:20   NNW
25  12.9  16.8   13:25   9.3    6:20   5.3   0.0   4.1   0.5  12.9   12:40    NW
26  11.6  15.4   11:40   6.7   22:10   6.7   0.0  37.8   2.4  27.4   12:20    NW
27  13.6  20.5   16:30   5.0    1:55   5.1   0.3   0.3   1.4  19.3   17:05     N
28  13.7  17.6   15:30  10.3   23:15   4.6   0.0   0.0   6.3  32.2   11:55   NNW
29  12.4  16.3   15:55   7.7    6:55   5.8   0.0   0.0   2.9  22.5   22:05   NNW
30  16.3  23.1   16:10   7.7    7:25   3.1   1.2   0.0   3.4  27.4   20:25   NNW
-------------------------------------------------------------------------------------
    12.2  23.1    30     3.7     1   189.5   5.3 168.1   1.4  32.2    28     NNW

Max >=  32.0:  0
Max <=   0.0:  0
Min <=   0.0:  0
Min <= -18.0:  0
Max Rain: 37.85 ON 26/04/19
Days of Rain: 15 (> .2 mm) 9 (> 2 mm) 4 (> 20 mm)
Heat Base:  18.3  Cool Base:  18.3  Method: Integration