NOAA-Style Climate Reports

Select a Year or Month report
2022: Gen Feb Mar Apr Mag Giu Lug Ago Set Ott Nov Dic
2021: Gen Feb Mar Apr Mag Giu Lug Ago Set Ott Nov Dic
2020: Gen Feb Mar Apr Mag Giu Lug Ago Set Ott Nov Dic
2019: Gen Feb Mar Apr Mag Giu Lug Ago Set Ott Nov Dic
2018: Gen Feb Mar Apr Mag Giu Lug Ago Set Ott Nov Dic
2017: Gen Feb Mar Apr Mag Giu Lug Ago Set Ott Nov Dic
2016: Gen Feb Mar Apr Mag Giu Lug Ago Set Ott Nov Dic
2015: Gen Feb Mar Apr Mag Giu Lug Ago Set Ott Nov Dic
2014: Gen Feb Mar Apr Mag Giu Lug Ago Set Ott Nov Dic
2013: Gen Feb Mar Apr Mag Giu Lug Ago Set Ott Nov Dic
2012: Gen Feb Mar Apr Mag Giu Lug Ago Set Ott Nov Dic

Report for 2020 Novembre
                   MONTHLY CLIMATOLOGICAL SUMMARY for NOV. 2020

NAME: MeteoMalnate   CITY: Malnate   STATE: Italy 
ELEV:   387 m  LAT:  45° 47' 24" N  LONG:   8° 54' 13" E

                   TEMPERATURE (°C), RAIN  (mm), WIND SPEED (km/hr)

                                      HEAT  COOL        AVG
    MEAN                              DEG   DEG         WIND                 DOM
DAY TEMP  HIGH   TIME   LOW    TIME   DAYS  DAYS  RAIN  SPEED HIGH   TIME    DIR
------------------------------------------------------------------------------------
 1  10.2  16.7   14:55   5.7    4:00   8.1   0.0   0.0   0.2   9.7   14:30   NNE
 2  11.7  17.5   12:45   7.1    7:15   6.6   0.0   0.0   0.8  14.5   13:05     S
 3  13.2  15.9   14:15  11.6    0:05   5.1   0.0   0.0   0.2   8.0   13:30   SSW
 4  13.3  15.8   12:55  11.4   20:40   4.9   0.0   0.0   0.2   8.0   12:35    NW
 5  12.9  18.4   14:35   8.1    7:25   5.4   0.0   0.3   0.2   9.7   15:10    NW
 6  12.1  16.9   14:15   8.2   23:05   6.3   0.0   0.0   0.2  11.3   14:30   WSW
 7  10.7  18.2   13:55   6.6    7:25   7.6   0.0   0.0   0.3  12.9   14:45   NNW
 8  10.7  18.6   14:25   6.4    3:30   7.6   0.0   0.0   0.3   9.7   13:25   NNE
 9  10.1  17.8   14:20   5.4    7:50   8.2   0.0   0.0   0.3  11.3   12:10    NE
10   9.8  17.2   13:55   5.6    4:40   8.5   0.0   0.3   0.3   9.7   12:50   NNE
11   9.1  15.2   13:00   4.7    7:30   9.2   0.0   0.0   0.3  16.1   14:15     S
12   9.8  13.4   13:05   6.9    7:15   8.5   0.0   0.0   0.2   9.7   15:30     S
13   8.8  11.8   14:25   5.3   00:00   9.5   0.0   0.0   0.0   4.8   12:50    NW
14   8.7  13.6   14:00   4.3    6:55   9.6   0.0   0.0   0.3   9.7   14:05    NW
15   9.9  11.5   14:55   8.9    7:50   8.4   0.0   0.0   0.2   6.4   11:15    NW
16   9.8  14.1   14:00   5.9   22:20   8.5   0.0   5.1   0.5  12.9   18:35    NW
17   8.2  14.7   13:10   3.5    7:45  10.1   0.0   0.0   0.6  11.3   12:00     E
18   7.7  15.3   13:55   3.5    7:00  10.6   0.0   0.3   0.3   9.7   13:15    NE
19   7.9  15.3   14:15   2.2    7:10  10.4   0.0   0.0   1.0  32.2   00:00   WSW
20  12.0  15.6   13:15   4.6   00:00   6.3   0.0   0.0   6.4  41.8    4:10     N
21   5.0  10.4   14:20  -0.3   23:55  13.3   0.0   0.0   0.6  12.9   12:20   WSW
22   2.7   9.8   14:15  -1.5    7:10  15.6   0.0   0.0   0.3   9.7   11:30   WSW
23   3.7  10.9   13:55  -1.1    6:35  14.6   0.0   0.0   0.3  12.9   13:25   WSW
24   4.7  12.7   13:30   0.6    5:55  13.6   0.0   0.0   0.5  11.3   12:25    NE
25   3.8  12.0   14:15  -0.6    7:55  14.5   0.0   0.0   0.3  11.3   13:25   ENE
26   3.3  11.5   13:35  -0.7    6:35  15.0   0.0   0.0   0.2   8.0   15:10   WSW
27   3.6  10.2   13:10  -1.1    7:25  14.7   0.0   0.0   0.3  11.3   12:05     S
28   4.5  10.6   12:25   1.0    7:20  13.8   0.0   0.0   0.2  14.5   12:30   NNW
29   5.7   8.9   14:00   1.6   00:00  12.6   0.0   0.0   0.3  12.9    4:15    NE
30   3.4   6.8   13:50  -0.3    7:50  14.9   0.0   0.3   0.0   3.2    3:40    NE
-------------------------------------------------------------------------------------
     8.2  18.6     8    -1.5    22   302.0   0.0   6.1   0.5  41.8    20       S

Max >=  32.0:  0
Max <=   0.0:  0
Min <=   0.0:  7
Min <= -18.0:  0
Max Rain: 5.08 ON 16/11/20
Days of Rain: 5 (> .2 mm) 1 (> 2 mm) 0 (> 20 mm)
Heat Base:  18.3  Cool Base:  18.3  Method: Integration