NOAA-Style Climate Reports

Select a Year or Month report
2022: Gen Feb Mar Apr Mag Giu Lug Ago Set Ott Nov Dic
2021: Gen Feb Mar Apr Mag Giu Lug Ago Set Ott Nov Dic
2020: Gen Feb Mar Apr Mag Giu Lug Ago Set Ott Nov Dic
2019: Gen Feb Mar Apr Mag Giu Lug Ago Set Ott Nov Dic
2018: Gen Feb Mar Apr Mag Giu Lug Ago Set Ott Nov Dic
2017: Gen Feb Mar Apr Mag Giu Lug Ago Set Ott Nov Dic
2016: Gen Feb Mar Apr Mag Giu Lug Ago Set Ott Nov Dic
2015: Gen Feb Mar Apr Mag Giu Lug Ago Set Ott Nov Dic
2014: Gen Feb Mar Apr Mag Giu Lug Ago Set Ott Nov Dic
2013: Gen Feb Mar Apr Mag Giu Lug Ago Set Ott Nov Dic
2012: Gen Feb Mar Apr Mag Giu Lug Ago Set Ott Nov Dic

Report for 2022 Aprile
                   MONTHLY CLIMATOLOGICAL SUMMARY for APR. 2022

NAME: MeteoMalnate   CITY: Malnate   STATE: Italy 
ELEV:   380 m  LAT: 45°47'23.4"N  LONG: 8°54'13.2"E

                   TEMPERATURE (°C), RAIN  (mm), WIND SPEED (km/hr)

                                      HEAT  COOL        AVG
    MEAN                              DEG   DEG         WIND                 DOM
DAY TEMP  HIGH   TIME   LOW    TIME   DAYS  DAYS  RAIN  SPEED HIGH   TIME    DIR
------------------------------------------------------------------------------------
 1   9.1  14.5   15:00   4.7   18:30   9.2   0.0  24.0   2.4  20.9   22:50   NNE
 2   6.2   8.9   17:45   2.5    8:00  12.1   0.0   1.8   1.1  19.3   21:10   NNE
 3   4.6   9.8   11:55  -1.2    7:25  13.7   0.0   0.0   0.6  16.1   16:10   NNE
 4   6.8  11.5   18:05   2.4   00:00  11.4   0.0   2.8   1.0  16.1   13:00   NNW
 5   8.7  17.1   17:50   1.3    3:10   9.6   0.0   0.0   1.3  14.5   17:20     S
 6  10.1  16.3   16:15   3.3    7:30   8.2   0.0   0.0   1.1  16.1   13:40   SSE
 7  11.4  18.9   16:50   3.4    7:20   6.9   0.0   0.0   1.0  16.1   14:50   SSE
 8  13.1  19.4   17:05   5.8    7:20   5.4   0.1   0.0   1.1  19.3   13:10     S
 9  11.6  16.1   12:30   7.8    7:35   6.7   0.0   0.0   6.9  40.2   14:05     N
10   8.9  16.7   17:40   1.7    4:40   9.4   0.0   0.0   1.9  19.3   15:25    NW
11   9.4  16.9   17:10   1.9    7:15   8.8   0.0   0.0   1.4  22.5   13:15   SSE
12  10.8  18.6   16:50   2.8    6:15   7.5   0.0   0.0   1.3  19.3   13:40     S
13  13.0  20.4   15:50   6.4    7:05   5.5   0.2   0.0   1.0  16.1   11:20     S
14  14.6  23.7   16:30   6.4    7:15   5.1   1.3   0.0   1.0  14.5   13:15     S
15  15.8  24.7   17:00   7.4    4:55   4.2   1.7   0.0   1.1  17.7   15:10     S
16  15.6  24.1   16:10   7.3    6:50   4.2   1.5   0.0   1.6  22.5   14:55     S
17  11.3  17.2   16:50   6.6   00:00   7.0   0.0   0.0   1.3  19.3   14:35     S
18  10.4  18.3   17:25   3.2    4:30   7.8   0.0   0.0   1.3  19.3   14:40     S
19  12.0  20.3   16:50   2.8    7:05   6.4   0.1   0.0   1.4  20.9   15:10   WSW
20  11.2  13.2   15:05   8.1    1:35   7.1   0.0   0.0   0.5  12.9    8:35    NW
21  11.1  14.4   17:35   8.6   00:00   7.2   0.0   0.0   0.5   9.7   15:50    NW
22  11.7  16.9   16:10   7.1    0:50   6.6   0.0   0.0   1.3  17.7   13:55     S
23  11.9  13.4   14:10  10.3    6:25   6.4   0.0  24.4   1.1  19.3   22:50    NE
24  11.3  14.3   19:05   8.6   21:50   7.0   0.0   0.8   1.1  16.1    5:00    NE
25  12.8  19.4   16:05   6.4    4:40   5.6   0.0   7.6   1.1  17.7   20:15     S
26  12.8  17.4   18:40   8.6   23:50   5.5   0.0   1.3   0.5   9.7   12:45    NE
27  13.2  21.5   16:45   4.4    6:30   5.6   0.5   0.0   1.3  22.5   12:30     S
28  15.1  21.7   17:50   9.2    3:35   3.9   0.7   0.0   1.1  16.1   13:10     S
29  15.2  21.4   17:10   9.6    1:35   3.6   0.5   0.0   1.0  14.5   13:20     S
30  14.8  20.4   16:20   9.6   00:00   3.7   0.1   0.0   1.1  14.5   12:10     N
-------------------------------------------------------------------------------------
    11.5  24.7    15    -1.2     3   211.3   6.8  62.6   1.4  40.2     9       S

Max >=  32.0:  0
Max <=   0.0:  0
Min <=   0.0:  1
Min <= -18.0:  0
Max Rain: 24.38 ON 23/04/22
Days of Rain: 7 (> .2 mm) 4 (> 2 mm) 2 (> 20 mm)
Heat Base:  18.3  Cool Base:  18.3  Method: Integration